Last updated on 2025-02-16 08:51:00 CET.
Flavor | Version | Tinstall | Tcheck | Ttotal | Status | Flags |
---|---|---|---|---|---|---|
r-devel-linux-x86_64-debian-clang | 0.1.0 | 4.01 | 34.90 | 38.91 | OK | |
r-devel-linux-x86_64-debian-gcc | 0.1.0 | 2.51 | 26.07 | 28.58 | OK | |
r-devel-linux-x86_64-fedora-clang | 0.1.0 | 62.92 | NOTE | |||
r-devel-linux-x86_64-fedora-gcc | 0.1.0 | 56.68 | NOTE | |||
r-devel-macos-arm64 | 0.1.0 | 24.00 | OK | |||
r-devel-macos-x86_64 | 0.1.0 | 39.00 | OK | |||
r-devel-windows-x86_64 | 0.1.0 | 6.00 | 53.00 | 59.00 | OK | |
r-patched-linux-x86_64 | 0.1.0 | 3.49 | 32.55 | 36.04 | NOTE | |
r-release-linux-x86_64 | 0.1.0 | 3.78 | 33.03 | 36.81 | NOTE | |
r-release-macos-arm64 | 0.1.0 | 22.00 | NOTE | |||
r-release-macos-x86_64 | 0.1.0 | 31.00 | NOTE | |||
r-release-windows-x86_64 | 0.1.0 | 7.00 | 55.00 | 62.00 | NOTE | |
r-oldrel-macos-arm64 | 0.1.0 | 24.00 | NOTE | |||
r-oldrel-macos-x86_64 | 0.1.0 | 36.00 | NOTE | |||
r-oldrel-windows-x86_64 | 0.1.0 | 7.00 | 61.00 | 68.00 | NOTE |
Version: 0.1.0
Check: dependencies in R code
Result: NOTE
Namespace in Imports field not imported from: ‘testthat’
All declared Imports should be used.
Flavors: r-devel-linux-x86_64-fedora-clang, r-devel-linux-x86_64-fedora-gcc
Version: 0.1.0
Check: LazyData
Result: NOTE
'LazyData' is specified without a 'data' directory
Flavors: r-patched-linux-x86_64, r-release-linux-x86_64, r-release-macos-arm64, r-release-macos-x86_64, r-release-windows-x86_64, r-oldrel-macos-arm64, r-oldrel-macos-x86_64, r-oldrel-windows-x86_64
These binaries (installable software) and packages are in development.
They may not be fully stable and should be used with caution. We make no claims about them.