Last updated on 2025-05-02 13:50:58 CEST.
Flavor | Version | Tinstall | Tcheck | Ttotal | Status | Flags |
---|---|---|---|---|---|---|
r-devel-linux-x86_64-debian-clang | 1.1.0 | 2.20 | 20.05 | 22.25 | OK | |
r-devel-linux-x86_64-debian-gcc | 1.1.0 | 1.84 | 15.94 | 17.78 | OK | |
r-devel-linux-x86_64-fedora-clang | 1.1.0 | 35.11 | OK | |||
r-devel-linux-x86_64-fedora-gcc | 1.1.0 | 32.88 | OK | |||
r-devel-windows-x86_64 | 1.1.0 | 3.00 | 48.00 | 51.00 | ERROR | |
r-patched-linux-x86_64 | 1.1.0 | 2.46 | 19.05 | 21.51 | OK | |
r-release-linux-x86_64 | OK | |||||
r-release-macos-arm64 | 1.1.0 | 18.00 | OK | |||
r-release-macos-x86_64 | 1.1.0 | 24.00 | OK | |||
r-release-windows-x86_64 | 1.1.0 | 3.00 | 43.00 | 46.00 | ERROR | |
r-oldrel-macos-arm64 | 1.1.0 | 17.00 | NOTE | |||
r-oldrel-macos-x86_64 | 1.1.0 | 23.00 | NOTE | |||
r-oldrel-windows-x86_64 | 1.1.0 | 3.00 | 41.00 | 44.00 | ERROR |
Version: 1.1.0
Check: examples
Result: ERROR
Running examples in 'seeclickfixr-Ex.R' failed
The error most likely occurred in:
> ### Name: list_places
> ### Title: Query sub-city neighborhoods in which issues can be reported.
> ### Aliases: list_places
>
> ### ** Examples
>
> list_places("Boston, MA",limit = 5)
Error: lexical error: invalid char in json text.
<!DOCTYPE html><html lang="en-U
(right here) ------^
Execution halted
Flavors: r-devel-windows-x86_64, r-release-windows-x86_64, r-oldrel-windows-x86_64
Version: 1.1.0
Check: LazyData
Result: NOTE
'LazyData' is specified without a 'data' directory
Flavors: r-oldrel-macos-arm64, r-oldrel-macos-x86_64, r-oldrel-windows-x86_64
These binaries (installable software) and packages are in development.
They may not be fully stable and should be used with caution. We make no claims about them.