CRAN Package Check Results for Package seecolor

Last updated on 2025-07-26 07:50:34 CEST.

Flavor Version Tinstall Tcheck Ttotal Status Flags
r-devel-linux-x86_64-debian-clang 0.2.0 1.88 28.78 30.66 OK
r-devel-linux-x86_64-debian-gcc 0.2.0 1.47 22.45 23.92 OK
r-devel-linux-x86_64-fedora-clang 0.2.0 47.85 NOTE
r-devel-linux-x86_64-fedora-gcc 0.2.0 59.40 NOTE
r-devel-windows-x86_64 0.2.0 4.00 55.00 59.00 OK
r-patched-linux-x86_64 0.2.0 2.00 26.00 28.00 OK
r-release-linux-x86_64 0.2.0 1.75 25.90 27.65 OK
r-release-macos-arm64 0.2.0 28.00 OK
r-release-macos-x86_64 0.2.0 46.00 OK
r-release-windows-x86_64 0.2.0 5.00 49.00 54.00 OK
r-oldrel-macos-arm64 0.2.0 27.00 OK
r-oldrel-macos-x86_64 0.2.0 39.00 OK
r-oldrel-windows-x86_64 0.2.0 5.00 56.00 61.00 OK

Check Details

Version: 0.2.0
Check: dependencies in R code
Result: NOTE Namespace in Imports field not imported from: ‘fansi’ All declared Imports should be used. Flavors: r-devel-linux-x86_64-fedora-clang, r-devel-linux-x86_64-fedora-gcc

These binaries (installable software) and packages are in development.
They may not be fully stable and should be used with caution. We make no claims about them.