CRAN Package Check Results for Package seecolor

Last updated on 2025-05-24 09:50:32 CEST.

Flavor Version Tinstall Tcheck Ttotal Status Flags
r-devel-linux-x86_64-debian-clang 0.2.0 2.44 28.12 30.56 OK
r-devel-linux-x86_64-debian-gcc 0.2.0 1.72 22.10 23.82 OK
r-devel-linux-x86_64-fedora-clang 0.2.0 48.05 NOTE
r-devel-linux-x86_64-fedora-gcc 0.2.0 58.37 NOTE
r-devel-windows-x86_64 0.2.0 6.00 49.00 55.00 OK
r-patched-linux-x86_64 0.2.0 2.42 25.77 28.19 OK
r-release-linux-x86_64 0.2.0 2.30 25.67 27.97 OK
r-release-macos-arm64 0.2.0 28.00 OK
r-release-macos-x86_64 0.2.0 46.00 OK
r-release-windows-x86_64 0.2.0 5.00 67.00 72.00 OK
r-oldrel-macos-arm64 0.2.0 27.00 OK
r-oldrel-macos-x86_64 0.2.0 39.00 OK
r-oldrel-windows-x86_64 0.2.0 5.00 54.00 59.00 OK

Check Details

Version: 0.2.0
Check: dependencies in R code
Result: NOTE Namespace in Imports field not imported from: ‘fansi’ All declared Imports should be used. Flavors: r-devel-linux-x86_64-fedora-clang, r-devel-linux-x86_64-fedora-gcc

These binaries (installable software) and packages are in development.
They may not be fully stable and should be used with caution. We make no claims about them.