Last updated on 2024-07-27 15:50:33 CEST.
Flavor | Version | Tinstall | Tcheck | Ttotal | Status | Flags |
---|---|---|---|---|---|---|
r-devel-linux-x86_64-debian-clang | 3.1 | 10.06 | 104.21 | 114.27 | NOTE | |
r-devel-linux-x86_64-debian-gcc | 3.1 | NOTE | ||||
r-devel-linux-x86_64-fedora-clang | 3.1 | 151.64 | NOTE | |||
r-devel-linux-x86_64-fedora-gcc | 3.1 | 139.36 | NOTE | |||
r-devel-windows-x86_64 | 3.1 | 11.00 | 91.00 | 102.00 | NOTE | |
r-patched-linux-x86_64 | 3.1 | NOTE | ||||
r-release-linux-x86_64 | 3.1 | 7.77 | 99.85 | 107.62 | NOTE | |
r-release-macos-arm64 | 3.1 | 39.00 | NOTE | |||
r-release-macos-x86_64 | 3.1 | 62.00 | NOTE | |||
r-release-windows-x86_64 | 3.1 | 10.00 | 91.00 | 101.00 | NOTE | |
r-oldrel-macos-arm64 | 3.1 | 52.00 | OK | |||
r-oldrel-macos-x86_64 | 3.1 | 83.00 | OK | |||
r-oldrel-windows-x86_64 | 3.1 | 14.00 | 106.00 | 120.00 | OK |
Version: 3.1
Check: Rd files
Result: NOTE
checkRd: (-1) seedCCA.Rd:17: Lost braces; missing escapes or markup?
17 | \item{u}{numeric, maximum number of projections. The default is 10. This is used for \code{type="seed1"}, \code{type="seed2"} and {tyepe="pls"}.}
| ^
Flavors: r-devel-linux-x86_64-debian-clang, r-devel-linux-x86_64-debian-gcc, r-devel-linux-x86_64-fedora-clang, r-devel-linux-x86_64-fedora-gcc, r-devel-windows-x86_64, r-patched-linux-x86_64, r-release-linux-x86_64, r-release-macos-arm64, r-release-macos-x86_64, r-release-windows-x86_64
These binaries (installable software) and packages are in development.
They may not be fully stable and should be used with caution. We make no claims about them.