Last updated on 2025-02-16 08:51:00 CET.
Flavor | Version | Tinstall | Tcheck | Ttotal | Status | Flags |
---|---|---|---|---|---|---|
r-devel-linux-x86_64-debian-clang | 1.4.2 | 69.85 | 646.69 | 716.54 | OK | |
r-devel-linux-x86_64-debian-gcc | 1.4.2 | 54.79 | 303.05 | 357.84 | OK | |
r-devel-linux-x86_64-fedora-clang | 1.4.2 | 862.97 | OK | |||
r-devel-linux-x86_64-fedora-gcc | 1.4.2 | 856.62 | OK | |||
r-devel-macos-arm64 | 1.4.2 | 248.00 | OK | |||
r-devel-macos-x86_64 | 1.4.2 | 664.00 | OK | |||
r-devel-windows-x86_64 | 1.4.2 | 80.00 | 567.00 | 647.00 | OK | |
r-patched-linux-x86_64 | 1.4.2 | 78.41 | 450.85 | 529.26 | OK | |
r-release-linux-x86_64 | 1.4.2 | 72.32 | 468.20 | 540.52 | OK | |
r-release-macos-arm64 | 1.4.2 | 273.00 | NOTE | |||
r-release-macos-x86_64 | 1.4.2 | 498.00 | NOTE | |||
r-release-windows-x86_64 | 1.4.2 | 78.00 | 571.00 | 649.00 | OK | |
r-oldrel-macos-arm64 | 1.4.2 | 266.00 | NOTE | |||
r-oldrel-macos-x86_64 | 1.4.2 | 509.00 | NOTE | |||
r-oldrel-windows-x86_64 | 1.4.2 | 99.00 | 666.00 | 765.00 | OK |
Version: 1.4.2
Check: installed package size
Result: NOTE
installed size is 11.0Mb
sub-directories of 1Mb or more:
data 2.9Mb
libs 7.9Mb
Flavors: r-release-macos-arm64, r-release-macos-x86_64, r-oldrel-macos-arm64, r-oldrel-macos-x86_64
These binaries (installable software) and packages are in development.
They may not be fully stable and should be used with caution. We make no claims about them.