Last updated on 2025-11-12 18:50:46 CET.
| Flavor | Version | Tinstall | Tcheck | Ttotal | Status | Flags |
|---|---|---|---|---|---|---|
| r-devel-linux-x86_64-debian-clang | 1.4.3 | 71.76 | 670.52 | 742.28 | OK | |
| r-devel-linux-x86_64-debian-gcc | 1.4.3 | 55.08 | 299.82 | 354.90 | OK | |
| r-devel-linux-x86_64-fedora-clang | 1.4.3 | 123.00 | 733.32 | 856.32 | OK | |
| r-devel-linux-x86_64-fedora-gcc | 1.4.3 | 133.00 | 759.15 | 892.15 | OK | |
| r-devel-windows-x86_64 | 1.4.3 | 88.00 | 580.00 | 668.00 | OK | |
| r-patched-linux-x86_64 | 1.4.3 | 75.69 | 469.49 | 545.18 | OK | |
| r-release-linux-x86_64 | 1.4.3 | 75.50 | 440.58 | 516.08 | OK | |
| r-release-macos-arm64 | 1.4.3 | 32.00 | 219.00 | 251.00 | OK | |
| r-release-macos-x86_64 | 1.4.3 | 78.00 | 888.00 | 966.00 | OK | |
| r-release-windows-x86_64 | 1.4.3 | 88.00 | 552.00 | 640.00 | OK | |
| r-oldrel-macos-arm64 | 1.4.3 | 28.00 | 221.00 | 249.00 | NOTE | |
| r-oldrel-macos-x86_64 | 1.4.3 | 83.00 | 1095.00 | 1178.00 | NOTE | |
| r-oldrel-windows-x86_64 | 1.4.3 | 102.00 | 894.00 | 996.00 | OK |
Version: 1.4.3
Check: installed package size
Result: NOTE
installed size is 11.1Mb
sub-directories of 1Mb or more:
data 2.9Mb
libs 8.0Mb
Flavors: r-oldrel-macos-arm64, r-oldrel-macos-x86_64
These binaries (installable software) and packages are in development.
They may not be fully stable and should be used with caution. We make no claims about them.