CRAN Package Check Results for Package seewave

Last updated on 2025-05-08 04:52:18 CEST.

Flavor Version Tinstall Tcheck Ttotal Status Flags
r-devel-linux-x86_64-debian-clang 2.2.3 12.70 143.50 156.20 NOTE
r-devel-linux-x86_64-debian-gcc 2.2.3 9.24 97.24 106.48 NOTE
r-devel-linux-x86_64-fedora-clang 2.2.3 265.67 OK
r-devel-linux-x86_64-fedora-gcc 2.2.3 262.73 OK
r-devel-windows-x86_64 2.2.3 14.00 202.00 216.00 NOTE
r-patched-linux-x86_64 2.2.3 18.60 134.74 153.34 NOTE
r-release-linux-x86_64 2.2.3 13.87 135.46 149.33 NOTE
r-release-macos-arm64 2.2.3 72.00 OK
r-release-macos-x86_64 2.2.3 152.00 OK
r-release-windows-x86_64 2.2.3 15.00 204.00 219.00 NOTE
r-oldrel-macos-arm64 2.2.3 72.00 OK
r-oldrel-macos-x86_64 2.2.3 171.00 OK
r-oldrel-windows-x86_64 2.2.3 19.00 241.00 260.00 OK

Check Details

Version: 2.2.3
Check: Rd cross-references
Result: NOTE Found the following Rd file(s) with Rd \link{} targets missing package anchors: noisew.Rd: pulse synth.Rd: pulse synth2.Rd: pulse Please provide package anchors for all Rd \link{} targets not in the package itself and the base packages. Flavors: r-devel-linux-x86_64-debian-clang, r-devel-linux-x86_64-debian-gcc, r-devel-windows-x86_64, r-patched-linux-x86_64, r-release-linux-x86_64, r-release-windows-x86_64

These binaries (installable software) and packages are in development.
They may not be fully stable and should be used with caution. We make no claims about them.