Last updated on 2025-05-01 08:52:45 CEST.
Flavor | Version | Tinstall | Tcheck | Ttotal | Status | Flags |
---|---|---|---|---|---|---|
r-devel-linux-x86_64-debian-clang | 0.3.3 | 39.75 | 130.50 | 170.25 | NOTE | |
r-devel-linux-x86_64-debian-gcc | 0.3.3 | 29.11 | 89.61 | 118.72 | OK | |
r-devel-linux-x86_64-fedora-clang | 0.3.3 | 292.32 | OK | |||
r-devel-linux-x86_64-fedora-gcc | 0.3.3 | 288.73 | OK | |||
r-devel-windows-x86_64 | 0.3.3 | 52.00 | 171.00 | 223.00 | OK | |
r-patched-linux-x86_64 | 0.3.3 | 41.98 | 122.96 | 164.94 | OK | |
r-release-linux-x86_64 | OK | |||||
r-release-macos-arm64 | 0.3.3 | 84.00 | OK | |||
r-release-macos-x86_64 | 0.3.3 | 142.00 | OK | |||
r-release-windows-x86_64 | 0.3.3 | 54.00 | 171.00 | 225.00 | OK | |
r-oldrel-macos-arm64 | 0.3.3 | 100.00 | OK | |||
r-oldrel-macos-x86_64 | 0.3.3 | 109.00 | OK | |||
r-oldrel-windows-x86_64 | 0.3.3 | 57.00 | 221.00 | 278.00 | OK |
Version: 0.3.3
Check: examples
Result: NOTE
Examples with CPU (user + system) or elapsed time > 5s
user system elapsed
segclust 7.496 0.223 10.443
Flavor: r-devel-linux-x86_64-debian-clang
Version: 0.3.3
Check: examples
Result: NA
user system elapsed
segclust 4.501 0.126 5.041
OK
Flavor: r-devel-linux-x86_64-debian-gcc
These binaries (installable software) and packages are in development.
They may not be fully stable and should be used with caution. We make no claims about them.