Last updated on 2025-05-01 14:49:22 CEST.
Flavor | Version | Tinstall | Tcheck | Ttotal | Status | Flags |
---|---|---|---|---|---|---|
r-devel-linux-x86_64-debian-clang | 1.1.0 | 13.51 | 102.45 | 115.96 | NOTE | |
r-devel-linux-x86_64-debian-gcc | 1.1.0 | 8.72 | 74.26 | 82.98 | NOTE | |
r-devel-linux-x86_64-fedora-clang | 1.1.0 | 175.66 | OK | |||
r-devel-linux-x86_64-fedora-gcc | 1.1.0 | 155.80 | OK | |||
r-devel-windows-x86_64 | 1.1.0 | 14.00 | 103.00 | 117.00 | OK | |
r-patched-linux-x86_64 | 1.1.0 | 13.09 | 94.53 | 107.62 | OK | |
r-release-linux-x86_64 | OK | |||||
r-release-macos-arm64 | 1.1.0 | 48.00 | OK | |||
r-release-macos-x86_64 | 1.1.0 | 81.00 | OK | |||
r-release-windows-x86_64 | 1.1.0 | 14.00 | 105.00 | 119.00 | OK | |
r-oldrel-macos-arm64 | 1.1.0 | 47.00 | OK | |||
r-oldrel-macos-x86_64 | 1.1.0 | 71.00 | OK | |||
r-oldrel-windows-x86_64 | 1.1.0 | 17.00 | 125.00 | 142.00 | OK |
Version: 1.1.0
Check: CRAN incoming feasibility
Result: NOTE
Maintainer: ‘Giancarlo Vercellino <giancarlo.vercellino@gmail.com>’
No Authors@R field in DESCRIPTION.
Please add one, modifying
Authors@R: person(given = "Giancarlo",
family = "Vercellino",
role = c("aut", "cre"),
email = "giancarlo.vercellino@gmail.com")
as necessary.
Flavors: r-devel-linux-x86_64-debian-clang, r-devel-linux-x86_64-debian-gcc
These binaries (installable software) and packages are in development.
They may not be fully stable and should be used with caution. We make no claims about them.