Last updated on 2025-11-11 15:50:47 CET.
| Flavor | Version | Tinstall | Tcheck | Ttotal | Status | Flags |
|---|---|---|---|---|---|---|
| r-devel-linux-x86_64-debian-clang | 1.2.4 | 13.10 | 27.49 | 40.59 | OK | |
| r-devel-linux-x86_64-debian-gcc | 1.2.4 | 8.27 | 21.20 | 29.47 | OK | |
| r-devel-linux-x86_64-fedora-clang | 1.2.4 | 31.00 | 37.99 | 68.99 | NOTE | |
| r-devel-linux-x86_64-fedora-gcc | 1.2.4 | 19.00 | 44.50 | 63.50 | NOTE | |
| r-devel-windows-x86_64 | 1.2.4 | 18.00 | 61.00 | 79.00 | OK | |
| r-patched-linux-x86_64 | 1.2.4 | 13.14 | 25.98 | 39.12 | OK | |
| r-release-linux-x86_64 | 1.2.4 | 12.64 | 26.01 | 38.65 | OK | |
| r-release-macos-arm64 | 1.2.4 | 8.00 | 20.00 | 28.00 | OK | |
| r-release-macos-x86_64 | 1.2.4 | 9.00 | 27.00 | 36.00 | OK | |
| r-release-windows-x86_64 | 1.2.4 | 19.00 | 57.00 | 76.00 | OK | |
| r-oldrel-macos-arm64 | 1.2.4 | 7.00 | 15.00 | 22.00 | OK | |
| r-oldrel-macos-x86_64 | 1.2.4 | 8.00 | 23.00 | 31.00 | OK | |
| r-oldrel-windows-x86_64 | 1.2.4 | 21.00 | 73.00 | 94.00 | OK |
Version: 1.2.4
Check: compiled code
Result: NOTE
File ‘segmag/libs/segmag.so’:
Found no calls to: ‘R_registerRoutines’, ‘R_useDynamicSymbols’
It is good practice to register native routines and to disable symbol
search.
See ‘Writing portable packages’ in the ‘Writing R Extensions’ manual.
Flavors: r-devel-linux-x86_64-fedora-clang, r-devel-linux-x86_64-fedora-gcc
These binaries (installable software) and packages are in development.
They may not be fully stable and should be used with caution. We make no claims about them.