Last updated on 2025-02-16 08:51:00 CET.
Flavor | Version | Tinstall | Tcheck | Ttotal | Status | Flags |
---|---|---|---|---|---|---|
r-devel-linux-x86_64-debian-clang | 1.2.4 | 14.15 | 24.78 | 38.93 | OK | |
r-devel-linux-x86_64-debian-gcc | 1.2.4 | 9.43 | 19.83 | 29.26 | OK | |
r-devel-linux-x86_64-fedora-clang | 1.2.4 | 71.07 | NOTE | |||
r-devel-linux-x86_64-fedora-gcc | 1.2.4 | 67.82 | NOTE | |||
r-devel-macos-arm64 | 1.2.4 | 22.00 | OK | |||
r-devel-macos-x86_64 | 1.2.4 | 34.00 | OK | |||
r-devel-windows-x86_64 | 1.2.4 | 16.00 | 61.00 | 77.00 | OK | |
r-patched-linux-x86_64 | 1.2.4 | 13.00 | 23.98 | 36.98 | OK | |
r-release-linux-x86_64 | 1.2.4 | 13.78 | 23.91 | 37.69 | OK | |
r-release-macos-arm64 | 1.2.4 | 22.00 | OK | |||
r-release-macos-x86_64 | 1.2.4 | 31.00 | OK | |||
r-release-windows-x86_64 | 1.2.4 | 16.00 | 70.00 | 86.00 | OK | |
r-oldrel-macos-arm64 | 1.2.4 | 28.00 | OK | |||
r-oldrel-macos-x86_64 | 1.2.4 | 38.00 | OK | |||
r-oldrel-windows-x86_64 | 1.2.4 | 21.00 | 72.00 | 93.00 | OK |
Version: 1.2.4
Check: compiled code
Result: NOTE
File ‘segmag/libs/segmag.so’:
Found no calls to: ‘R_registerRoutines’, ‘R_useDynamicSymbols’
It is good practice to register native routines and to disable symbol
search.
See ‘Writing portable packages’ in the ‘Writing R Extensions’ manual.
Flavors: r-devel-linux-x86_64-fedora-clang, r-devel-linux-x86_64-fedora-gcc
These binaries (installable software) and packages are in development.
They may not be fully stable and should be used with caution. We make no claims about them.