Last updated on 2024-07-27 15:50:33 CEST.
Flavor | Version | Tinstall | Tcheck | Ttotal | Status | Flags |
---|---|---|---|---|---|---|
r-devel-linux-x86_64-debian-clang | 1.2.4 | 18.27 | 32.86 | 51.13 | OK | |
r-devel-linux-x86_64-debian-gcc | 1.2.4 | OK | ||||
r-devel-linux-x86_64-fedora-clang | 1.2.4 | 89.31 | NOTE | |||
r-devel-linux-x86_64-fedora-gcc | 1.2.4 | 67.19 | NOTE | |||
r-devel-windows-x86_64 | 1.2.4 | 19.00 | 60.00 | 79.00 | OK | |
r-patched-linux-x86_64 | 1.2.4 | OK | ||||
r-release-linux-x86_64 | 1.2.4 | 14.85 | 30.36 | 45.21 | OK | |
r-release-macos-arm64 | 1.2.4 | 22.00 | OK | |||
r-release-macos-x86_64 | 1.2.4 | 31.00 | OK | |||
r-release-windows-x86_64 | 1.2.4 | 23.00 | 59.00 | 82.00 | OK | |
r-oldrel-macos-arm64 | 1.2.4 | 28.00 | OK | |||
r-oldrel-macos-x86_64 | 1.2.4 | 38.00 | OK | |||
r-oldrel-windows-x86_64 | 1.2.4 | 20.00 | 70.00 | 90.00 | OK |
Version: 1.2.4
Check: compiled code
Result: NOTE
File ‘segmag/libs/segmag.so’:
Found no calls to: ‘R_registerRoutines’, ‘R_useDynamicSymbols’
It is good practice to register native routines and to disable symbol
search.
See ‘Writing portable packages’ in the ‘Writing R Extensions’ manual.
Flavors: r-devel-linux-x86_64-fedora-clang, r-devel-linux-x86_64-fedora-gcc
These binaries (installable software) and packages are in development.
They may not be fully stable and should be used with caution. We make no claims about them.