CRAN Package Check Results for Package segmenTier

Last updated on 2025-02-16 08:51:00 CET.

Flavor Version Tinstall Tcheck Ttotal Status Flags
r-devel-linux-x86_64-debian-clang 0.1.2 17.29 84.61 101.90 OK
r-devel-linux-x86_64-debian-gcc 0.1.2 12.44 63.18 75.62 OK
r-devel-linux-x86_64-fedora-clang 0.1.2 174.01 OK
r-devel-linux-x86_64-fedora-gcc 0.1.2 182.56 OK
r-devel-macos-arm64 0.1.2 59.00 OK
r-devel-macos-x86_64 0.1.2 128.00 OK
r-devel-windows-x86_64 0.1.2 19.00 126.00 145.00 OK
r-patched-linux-x86_64 0.1.2 18.16 82.64 100.80 OK
r-release-linux-x86_64 0.1.2 18.18 81.56 99.74 OK
r-release-macos-arm64 0.1.2 54.00 OK
r-release-macos-x86_64 0.1.2 76.00 OK
r-release-windows-x86_64 0.1.2 20.00 130.00 150.00 OK
r-oldrel-macos-arm64 0.1.2 61.00 NOTE
r-oldrel-macos-x86_64 0.1.2 95.00 NOTE
r-oldrel-windows-x86_64 0.1.2 19.00 146.00 165.00 OK

Check Details

Version: 0.1.2
Check: package dependencies
Result: NOTE Packages suggested but not available for checking: 'flowMerge', 'flowClust', 'flowCore' Flavors: r-oldrel-macos-arm64, r-oldrel-macos-x86_64

Version: 0.1.2
Check: Rd cross-references
Result: NOTE Packages unavailable to check Rd xrefs: ‘flowClust’, ‘flowMerge’ Flavors: r-oldrel-macos-arm64, r-oldrel-macos-x86_64

These binaries (installable software) and packages are in development.
They may not be fully stable and should be used with caution. We make no claims about them.