Last updated on 2024-07-27 15:50:33 CEST.
Flavor | Version | Tinstall | Tcheck | Ttotal | Status | Flags |
---|---|---|---|---|---|---|
r-devel-linux-x86_64-debian-clang | 0.1.2 | 22.71 | 110.00 | 132.71 | OK | |
r-devel-linux-x86_64-debian-gcc | 0.1.2 | OK | ||||
r-devel-linux-x86_64-fedora-clang | 0.1.2 | 170.94 | NOTE | |||
r-devel-linux-x86_64-fedora-gcc | 0.1.2 | 180.87 | NOTE | |||
r-devel-windows-x86_64 | 0.1.2 | 22.00 | 124.00 | 146.00 | OK | |
r-patched-linux-x86_64 | 0.1.2 | OK | ||||
r-release-linux-x86_64 | 0.1.2 | 18.87 | 106.78 | 125.65 | OK | |
r-release-macos-arm64 | 0.1.2 | 54.00 | OK | |||
r-release-macos-x86_64 | 0.1.2 | 76.00 | OK | |||
r-release-windows-x86_64 | 0.1.2 | 30.00 | 119.00 | 149.00 | OK | |
r-oldrel-macos-arm64 | 0.1.2 | 61.00 | NOTE | |||
r-oldrel-macos-x86_64 | 0.1.2 | 95.00 | NOTE | |||
r-oldrel-windows-x86_64 | 0.1.2 | 19.00 | 143.00 | 162.00 | OK |
Version: 0.1.2
Check: package dependencies
Result: NOTE
Packages suggested but not available for checking:
'flowMerge', 'flowClust', 'flowCore'
Flavors: r-devel-linux-x86_64-fedora-clang, r-devel-linux-x86_64-fedora-gcc, r-oldrel-macos-arm64, r-oldrel-macos-x86_64
Version: 0.1.2
Check: Rd cross-references
Result: NOTE
Packages unavailable to check Rd xrefs: ‘flowClust’, ‘flowMerge’
Flavors: r-devel-linux-x86_64-fedora-clang, r-devel-linux-x86_64-fedora-gcc, r-oldrel-macos-arm64, r-oldrel-macos-x86_64
These binaries (installable software) and packages are in development.
They may not be fully stable and should be used with caution. We make no claims about them.