CRAN Package Check Results for Package segmetric

Last updated on 2025-07-02 03:50:52 CEST.

Flavor Version Tinstall Tcheck Ttotal Status Flags
r-devel-linux-x86_64-debian-clang 0.3.0 4.91 58.57 63.48 NOTE
r-devel-linux-x86_64-debian-gcc 0.3.0 4.17 43.84 48.01 NOTE
r-devel-linux-x86_64-fedora-clang 0.3.0 96.72 OK
r-devel-linux-x86_64-fedora-gcc 0.3.0 99.40 OK
r-devel-windows-x86_64 0.3.0 8.00 72.00 80.00 OK
r-patched-linux-x86_64 OK
r-release-linux-x86_64 0.3.0 5.29 54.50 59.79 OK
r-release-macos-arm64 0.3.0 41.00 OK
r-release-macos-x86_64 0.3.0 57.00 OK
r-release-windows-x86_64 0.3.0 7.00 73.00 80.00 OK
r-oldrel-macos-arm64 0.3.0 32.00 OK
r-oldrel-macos-x86_64 0.3.0 44.00 OK
r-oldrel-windows-x86_64 0.3.0 9.00 85.00 94.00 OK

Check Details

Version: 0.3.0
Check: CRAN incoming feasibility
Result: NOTE Maintainer: ‘Michelle Picoli <mipicoli@gmail.com>’ Package CITATION file contains call(s) to old-style citEntry(). Please use bibentry() instead. Flavors: r-devel-linux-x86_64-debian-clang, r-devel-linux-x86_64-debian-gcc

These binaries (installable software) and packages are in development.
They may not be fully stable and should be used with caution. We make no claims about them.