CRAN Package Check Results for Package sejmRP

Last updated on 2025-02-16 08:51:00 CET.

Flavor Version Tinstall Tcheck Ttotal Status Flags
r-devel-linux-x86_64-debian-clang 1.3.4 6.36 55.80 62.16 OK
r-devel-linux-x86_64-debian-gcc 1.3.4 4.85 40.23 45.08 OK
r-devel-linux-x86_64-fedora-clang 1.3.4 102.84 NOTE
r-devel-linux-x86_64-fedora-gcc 1.3.4 92.84 NOTE
r-devel-macos-arm64 1.3.4 38.00 OK
r-devel-macos-x86_64 1.3.4 53.00 OK
r-devel-windows-x86_64 1.3.4 9.00 75.00 84.00 OK
r-patched-linux-x86_64 1.3.4 6.89 51.36 58.25 NOTE
r-release-linux-x86_64 1.3.4 6.33 51.22 57.55 NOTE
r-release-macos-arm64 1.3.4 29.00 NOTE
r-release-macos-x86_64 1.3.4 43.00 NOTE
r-release-windows-x86_64 1.3.4 11.00 77.00 88.00 NOTE
r-oldrel-macos-arm64 1.3.4 29.00 NOTE
r-oldrel-macos-x86_64 1.3.4 44.00 NOTE
r-oldrel-windows-x86_64 1.3.4 11.00 86.00 97.00 NOTE

Check Details

Version: 1.3.4
Check: dependencies in R code
Result: NOTE Namespaces in Imports field not imported from: ‘cluster’ ‘factoextra’ ‘tidyr’ All declared Imports should be used. Flavors: r-devel-linux-x86_64-fedora-clang, r-devel-linux-x86_64-fedora-gcc

Version: 1.3.4
Check: LazyData
Result: NOTE 'LazyData' is specified without a 'data' directory Flavors: r-patched-linux-x86_64, r-release-linux-x86_64, r-release-macos-arm64, r-release-macos-x86_64, r-release-windows-x86_64, r-oldrel-macos-arm64, r-oldrel-macos-x86_64, r-oldrel-windows-x86_64

These binaries (installable software) and packages are in development.
They may not be fully stable and should be used with caution. We make no claims about them.