Last updated on 2025-02-16 08:51:00 CET.
Flavor | Version | Tinstall | Tcheck | Ttotal | Status | Flags |
---|---|---|---|---|---|---|
r-devel-linux-x86_64-debian-clang | 1.0 | 1.81 | 17.99 | 19.80 | NOTE | |
r-devel-linux-x86_64-debian-gcc | 1.0 | 1.37 | 14.84 | 16.21 | NOTE | |
r-devel-linux-x86_64-fedora-clang | 1.0 | 32.14 | NOTE | |||
r-devel-linux-x86_64-fedora-gcc | 1.0 | 29.85 | NOTE | |||
r-devel-macos-arm64 | 1.0 | 13.00 | OK | |||
r-devel-macos-x86_64 | 1.0 | 22.00 | NOTE | |||
r-devel-windows-x86_64 | 1.0 | 2.00 | 40.00 | 42.00 | NOTE | |
r-patched-linux-x86_64 | 1.0 | 1.81 | 17.11 | 18.92 | OK | |
r-release-linux-x86_64 | 1.0 | 1.74 | 17.29 | 19.03 | OK | |
r-release-macos-arm64 | 1.0 | 14.00 | OK | |||
r-release-macos-x86_64 | 1.0 | 21.00 | OK | |||
r-release-windows-x86_64 | 1.0 | 2.00 | 43.00 | 45.00 | OK | |
r-oldrel-macos-arm64 | 1.0 | 17.00 | OK | |||
r-oldrel-macos-x86_64 | 1.0 | 20.00 | OK | |||
r-oldrel-windows-x86_64 | 1.0 | 3.00 | 67.00 | 70.00 | OK |
Version: 1.0
Check: DESCRIPTION meta-information
Result: NOTE
Missing dependency on R >= 4.1.0 because package code uses the pipe
|> or function shorthand \(...) syntax added in R 4.1.0.
File(s) using such syntax:
‘selcorr.R’
Flavors: r-devel-linux-x86_64-debian-clang, r-devel-linux-x86_64-debian-gcc, r-devel-linux-x86_64-fedora-clang, r-devel-linux-x86_64-fedora-gcc, r-devel-macos-x86_64, r-devel-windows-x86_64
Version: 1.0
Check: dependencies in R code
Result: NOTE
Namespace in Imports field not imported from: ‘MASS’
All declared Imports should be used.
Flavors: r-devel-linux-x86_64-fedora-clang, r-devel-linux-x86_64-fedora-gcc
These binaries (installable software) and packages are in development.
They may not be fully stable and should be used with caution. We make no claims about them.