CRAN Package Check Results for Package selectapref

Last updated on 2025-11-11 15:50:47 CET.

Flavor Version Tinstall Tcheck Ttotal Status Flags
r-devel-linux-x86_64-debian-clang 0.1.2 1.61 17.55 19.16 OK
r-devel-linux-x86_64-debian-gcc 0.1.2 1.33 14.67 16.00 OK
r-devel-linux-x86_64-fedora-clang 0.1.2 27.88 OK
r-devel-linux-x86_64-fedora-gcc 0.1.2 26.42 OK
r-devel-windows-x86_64 0.1.2 3.00 32.00 35.00 OK
r-patched-linux-x86_64 0.1.2 1.70 16.80 18.50 OK
r-release-linux-x86_64 0.1.2 1.64 16.70 18.34 OK
r-release-macos-arm64 0.1.2 1.00 15.00 16.00 OK
r-release-macos-x86_64 0.1.2 1.00 19.00 20.00 OK
r-release-windows-x86_64 0.1.2 3.00 32.00 35.00 OK
r-oldrel-macos-arm64 0.1.2 1.00 11.00 12.00 NOTE
r-oldrel-macos-x86_64 0.1.2 1.00 17.00 18.00 NOTE
r-oldrel-windows-x86_64 0.1.2 2.00 33.00 35.00 NOTE

Check Details

Version: 0.1.2
Check: LazyData
Result: NOTE 'LazyData' is specified without a 'data' directory Flavors: r-oldrel-macos-arm64, r-oldrel-macos-x86_64, r-oldrel-windows-x86_64

These binaries (installable software) and packages are in development.
They may not be fully stable and should be used with caution. We make no claims about them.