Last updated on 2025-10-23 17:51:02 CEST.
Flavor | Version | Tinstall | Tcheck | Ttotal | Status | Flags |
---|---|---|---|---|---|---|
r-devel-linux-x86_64-debian-clang | 0.4.1 | 9.45 | 80.66 | 90.11 | NOTE | |
r-devel-linux-x86_64-debian-gcc | 0.4.1 | 6.12 | 59.82 | 65.94 | NOTE | |
r-devel-linux-x86_64-fedora-clang | 0.4.1 | 17.00 | 115.35 | 132.35 | NOTE | |
r-devel-linux-x86_64-fedora-gcc | 0.4.1 | 29.00 | 114.89 | 143.89 | NOTE | |
r-devel-windows-x86_64 | 0.4.1 | 11.00 | 105.00 | 116.00 | NOTE | |
r-patched-linux-x86_64 | 0.4.1 | 10.19 | 75.29 | 85.48 | NOTE | |
r-release-linux-x86_64 | 0.4.1 | 8.92 | 75.93 | 84.85 | NOTE | |
r-release-macos-arm64 | 0.4.1 | 4.00 | 58.00 | 62.00 | NOTE | |
r-release-macos-x86_64 | 0.4.1 | 7.00 | 86.00 | 93.00 | NOTE | |
r-release-windows-x86_64 | 0.4.1 | 11.00 | 108.00 | 119.00 | NOTE | |
r-oldrel-macos-arm64 | 0.4.1 | 4.00 | 51.00 | 55.00 | OK | |
r-oldrel-macos-x86_64 | 0.4.1 | 10.00 | 114.00 | 124.00 | OK | |
r-oldrel-windows-x86_64 | 0.4.1 | 14.00 | 126.00 | 140.00 | OK |
Version: 0.4.1
Check: DESCRIPTION meta-information
Result: NOTE
Missing dependency on R >= 4.1.0 because package code uses the pipe
|> or function shorthand \(...) syntax added in R 4.1.0.
File(s) using such syntax:
‘as.list.selenider_elements.Rd’ ‘elem_ancestors.Rd’ ‘elem_attr.Rd’
‘elem_cache.Rd’ ‘elem_click.Rd’ ‘elem_css_property.Rd’
‘elem_equal.Rd’ ‘elem_expect.Rd’ ‘elem_expect_all.Rd’
‘elem_filter.Rd’ ‘elem_flatten.Rd’ ‘elem_hover.Rd’ ‘elem_name.Rd’
‘elem_scroll_to.Rd’ ‘elem_select.Rd’ ‘elem_size.Rd’ ‘elem_text.Rd’
‘find_each_element.Rd’ ‘find_element.Rd’ ‘find_elements.Rd’
‘get_actual_element.Rd’ ‘s.Rd’
Flavors: r-devel-linux-x86_64-debian-clang, r-devel-linux-x86_64-debian-gcc, r-devel-linux-x86_64-fedora-clang, r-devel-linux-x86_64-fedora-gcc, r-devel-windows-x86_64, r-patched-linux-x86_64, r-release-linux-x86_64, r-release-macos-arm64, r-release-macos-x86_64, r-release-windows-x86_64
Version: 0.4.1
Check: HTML version of manual
Result: NOTE
Found the following HTML validation problems:
chromote_options.html:132:1 (chromote_options.Rd:68): Warning: missing </ul> before </div>
Flavor: r-devel-linux-x86_64-debian-clang
These binaries (installable software) and packages are in development.
They may not be fully stable and should be used with caution. We make no claims about them.