Last updated on 2025-05-24 13:49:38 CEST.
Flavor | Version | Tinstall | Tcheck | Ttotal | Status | Flags |
---|---|---|---|---|---|---|
r-devel-linux-x86_64-debian-clang | 1.1.0 | 4.73 | 23.92 | 28.65 | OK | |
r-devel-linux-x86_64-debian-gcc | 1.1.0 | 3.20 | 19.39 | 22.59 | OK | |
r-devel-linux-x86_64-fedora-clang | 1.1.0 | 39.81 | OK | |||
r-devel-linux-x86_64-fedora-gcc | 1.1.0 | 37.33 | OK | |||
r-devel-windows-x86_64 | 1.1.0 | 9.00 | 77.00 | 86.00 | OK | |
r-patched-linux-x86_64 | 1.1.0 | 4.54 | 22.13 | 26.67 | OK | |
r-release-linux-x86_64 | 1.1.0 | 4.88 | 22.27 | 27.15 | OK | |
r-release-macos-arm64 | 1.1.0 | 21.00 | OK | |||
r-release-macos-x86_64 | 1.1.0 | 34.00 | OK | |||
r-release-windows-x86_64 | 1.1.0 | 10.00 | 52.00 | 62.00 | OK | |
r-oldrel-macos-arm64 | 1.1.0 | 19.00 | NOTE | |||
r-oldrel-macos-x86_64 | 1.1.0 | 29.00 | NOTE | |||
r-oldrel-windows-x86_64 | 1.1.0 | 8.00 | 47.00 | 55.00 | NOTE |
Version: 1.1.0
Check: installed package size
Result: NOTE
installed size is 34.5Mb
sub-directories of 1Mb or more:
www 34.4Mb
Flavors: r-oldrel-macos-arm64, r-oldrel-macos-x86_64, r-oldrel-windows-x86_64
These binaries (installable software) and packages are in development.
They may not be fully stable and should be used with caution. We make no claims about them.