CRAN Package Check Results for Package semantic.assets

Last updated on 2025-11-13 17:50:48 CET.

Flavor Version Tinstall Tcheck Ttotal Status Flags
r-devel-linux-x86_64-debian-clang 1.1.0 2.51 25.61 28.12 OK
r-devel-linux-x86_64-debian-gcc 1.1.0 2.28 21.26 23.54 OK
r-devel-linux-x86_64-fedora-clang 1.1.0 40.10 OK
r-devel-linux-x86_64-fedora-gcc 1.1.0 37.96 OK
r-devel-windows-x86_64 1.1.0 10.00 42.00 52.00 OK
r-patched-linux-x86_64 1.1.0 2.56 23.24 25.80 OK
r-release-linux-x86_64 1.1.0 2.51 23.55 26.06 OK
r-release-macos-arm64 1.1.0 2.00 19.00 21.00 OK
r-release-macos-x86_64 1.1.0 2.00 32.00 34.00 OK
r-release-windows-x86_64 1.1.0 8.00 41.00 49.00 OK
r-oldrel-macos-arm64 1.1.0 1.00 18.00 19.00 NOTE
r-oldrel-macos-x86_64 1.1.0 3.00 26.00 29.00 NOTE
r-oldrel-windows-x86_64 1.1.0 8.00 50.00 58.00 NOTE

Check Details

Version: 1.1.0
Check: installed package size
Result: NOTE installed size is 34.5Mb sub-directories of 1Mb or more: www 34.4Mb Flavors: r-oldrel-macos-arm64, r-oldrel-macos-x86_64, r-oldrel-windows-x86_64

These binaries (installable software) and packages are in development.
They may not be fully stable and should be used with caution. We make no claims about them.