Last updated on 2025-10-24 11:50:58 CEST.
| Flavor | Version | Tinstall | Tcheck | Ttotal | Status | Flags |
|---|---|---|---|---|---|---|
| r-devel-linux-x86_64-debian-clang | 1.1.0 | 2.52 | 25.54 | 28.06 | OK | |
| r-devel-linux-x86_64-debian-gcc | 1.1.0 | 2.25 | 21.09 | 23.34 | OK | |
| r-devel-linux-x86_64-fedora-clang | 1.1.0 | 39.77 | OK | |||
| r-devel-linux-x86_64-fedora-gcc | 1.1.0 | 38.23 | OK | |||
| r-devel-windows-x86_64 | 1.1.0 | 9.00 | 41.00 | 50.00 | OK | |
| r-patched-linux-x86_64 | 1.1.0 | 2.41 | 23.25 | 25.66 | OK | |
| r-release-linux-x86_64 | 1.1.0 | 2.58 | 23.17 | 25.75 | OK | |
| r-release-macos-arm64 | 1.1.0 | 2.00 | 19.00 | 21.00 | OK | |
| r-release-macos-x86_64 | 1.1.0 | 2.00 | 32.00 | 34.00 | OK | |
| r-release-windows-x86_64 | 1.1.0 | 9.00 | 44.00 | 53.00 | OK | |
| r-oldrel-macos-arm64 | 1.1.0 | 1.00 | 18.00 | 19.00 | NOTE | |
| r-oldrel-macos-x86_64 | 1.1.0 | 3.00 | 26.00 | 29.00 | NOTE | |
| r-oldrel-windows-x86_64 | 1.1.0 | 10.00 | 49.00 | 59.00 | NOTE |
Version: 1.1.0
Check: installed package size
Result: NOTE
installed size is 34.5Mb
sub-directories of 1Mb or more:
www 34.4Mb
Flavors: r-oldrel-macos-arm64, r-oldrel-macos-x86_64, r-oldrel-windows-x86_64
These binaries (installable software) and packages are in development.
They may not be fully stable and should be used with caution. We make no claims about them.