Last updated on 2025-05-01 17:56:16 CEST.
Flavor | Version | Tinstall | Tcheck | Ttotal | Status | Flags |
---|---|---|---|---|---|---|
r-devel-linux-x86_64-debian-clang | 0.1.0 | 1.57 | 16.78 | 18.35 | NOTE | |
r-devel-linux-x86_64-debian-gcc | 0.1.0 | 1.51 | 13.95 | 15.46 | NOTE | |
r-devel-linux-x86_64-fedora-clang | 0.1.0 | 29.23 | NOTE | |||
r-devel-linux-x86_64-fedora-gcc | 0.1.0 | 27.68 | NOTE | |||
r-devel-windows-x86_64 | 0.1.0 | 4.00 | 39.00 | 43.00 | OK | |
r-patched-linux-x86_64 | 0.1.0 | 1.94 | 16.34 | 18.28 | OK | |
r-release-linux-x86_64 | OK | |||||
r-release-macos-arm64 | 0.1.0 | 16.00 | OK | |||
r-release-macos-x86_64 | 0.1.0 | 23.00 | OK | |||
r-release-windows-x86_64 | 0.1.0 | 4.00 | 41.00 | 45.00 | OK | |
r-oldrel-macos-arm64 | 0.1.0 | 15.00 | NOTE | |||
r-oldrel-macos-x86_64 | 0.1.0 | 21.00 | NOTE | |||
r-oldrel-windows-x86_64 | 0.1.0 | 4.00 | 38.00 | 42.00 | NOTE |
Version: 0.1.0
Check: CRAN incoming feasibility
Result: NOTE
Maintainer: ‘Kartikeya Bolar <kartikeya.bolar@tapmi.edu.in>’
No Authors@R field in DESCRIPTION.
Please add one, modifying
Authors@R: person(given = "Kartikeya",
family = "Bolar",
role = c("aut", "cre"),
email = "kartikeya.bolar@tapmi.edu.in")
as necessary.
Flavors: r-devel-linux-x86_64-debian-clang, r-devel-linux-x86_64-debian-gcc
Version: 0.1.0
Check: dependencies in R code
Result: NOTE
Namespaces in Imports field not imported from:
‘dplyr’ ‘lavaan’ ‘psych’ ‘semPlot’ ‘semTools’ ‘shinyAce’
All declared Imports should be used.
Flavors: r-devel-linux-x86_64-fedora-clang, r-devel-linux-x86_64-fedora-gcc
Version: 0.1.0
Check: LazyData
Result: NOTE
'LazyData' is specified without a 'data' directory
Flavors: r-oldrel-macos-arm64, r-oldrel-macos-x86_64, r-oldrel-windows-x86_64
These binaries (installable software) and packages are in development.
They may not be fully stable and should be used with caution. We make no claims about them.