Last updated on 2025-05-01 12:49:40 CEST.
Flavor | Version | Tinstall | Tcheck | Ttotal | Status | Flags |
---|---|---|---|---|---|---|
r-devel-linux-x86_64-debian-clang | 0.1.9 | 6.73 | 434.38 | 441.11 | NOTE | |
r-devel-linux-x86_64-debian-gcc | 0.1.9 | 4.45 | 280.96 | 285.41 | OK | |
r-devel-linux-x86_64-fedora-clang | 0.1.9 | 721.79 | OK | |||
r-devel-linux-x86_64-fedora-gcc | 0.1.9 | 670.51 | OK | |||
r-devel-windows-x86_64 | 0.1.9 | 8.00 | 271.00 | 279.00 | OK | |
r-patched-linux-x86_64 | 0.1.9 | 8.02 | 410.49 | 418.51 | OK | |
r-release-linux-x86_64 | OK | |||||
r-release-macos-arm64 | 0.1.9 | 154.00 | OK | |||
r-release-macos-x86_64 | 0.1.9 | 236.00 | OK | |||
r-release-windows-x86_64 | 0.1.9 | 9.00 | 271.00 | 280.00 | OK | |
r-oldrel-macos-arm64 | 0.1.9 | 119.00 | OK | |||
r-oldrel-macos-x86_64 | 0.1.9 | 245.00 | OK | |||
r-oldrel-windows-x86_64 | 0.1.9 | 11.00 | 374.00 | 385.00 | OK |
Version: 0.1.9
Check: examples
Result: NOTE
Examples with CPU (user + system) or elapsed time > 5s
user system elapsed
influence_plot 4.557 0.002 5.044
fit_measures_change 4.207 0.061 6.852
lavaan_rerun 4.011 0.008 6.123
Flavor: r-devel-linux-x86_64-debian-clang
These binaries (installable software) and packages are in development.
They may not be fully stable and should be used with caution. We make no claims about them.