CRAN Package Check Results for Package semicmprskcoxmsm

Last updated on 2025-07-26 07:50:34 CEST.

Flavor Version Tinstall Tcheck Ttotal Status Flags
r-devel-linux-x86_64-debian-clang 0.2.0 12.28 96.90 109.18 NOTE
r-devel-linux-x86_64-debian-gcc 0.2.0 7.97 69.89 77.86 NOTE
r-devel-linux-x86_64-fedora-clang 0.2.0 169.27 OK
r-devel-linux-x86_64-fedora-gcc 0.2.0 169.63 OK
r-devel-windows-x86_64 0.2.0 15.00 104.00 119.00 OK
r-patched-linux-x86_64 0.2.0 12.35 92.47 104.82 OK
r-release-linux-x86_64 0.2.0 12.42 91.77 104.19 OK
r-release-macos-arm64 0.2.0 47.00 OK
r-release-macos-x86_64 0.2.0 92.00 OK
r-release-windows-x86_64 0.2.0 14.00 99.00 113.00 OK
r-oldrel-macos-arm64 0.2.0 45.00 OK
r-oldrel-macos-x86_64 0.2.0 68.00 OK
r-oldrel-windows-x86_64 0.2.0 17.00 127.00 144.00 OK

Check Details

Version: 0.2.0
Check: CRAN incoming feasibility
Result: NOTE Maintainer: ‘Yiran Zhang <yiz038@health.ucsd.edu>’ No Authors@R field in DESCRIPTION. Please add one, modifying Authors@R: person(given = "Yiran", family = "Zhang", role = c("aut", "cre"), email = "yiz038@health.ucsd.edu") as necessary. The Description field contains Zhang, Y. and Xu, R. (2022) <arXiv:2204.10426>. Please refer to arXiv e-prints via their arXiv DOI <doi:10.48550/arXiv.YYMM.NNNNN>. Flavors: r-devel-linux-x86_64-debian-clang, r-devel-linux-x86_64-debian-gcc

These binaries (installable software) and packages are in development.
They may not be fully stable and should be used with caution. We make no claims about them.