Last updated on 2025-05-07 15:49:30 CEST.
Flavor | Version | Tinstall | Tcheck | Ttotal | Status | Flags |
---|---|---|---|---|---|---|
r-devel-linux-x86_64-debian-clang | 0.1-8 | 2.87 | 26.84 | 29.71 | NOTE | |
r-devel-linux-x86_64-debian-gcc | 0.1-8 | 2.28 | 20.17 | 22.45 | NOTE | |
r-devel-linux-x86_64-fedora-clang | 0.1-8 | 48.04 | OK | |||
r-devel-linux-x86_64-fedora-gcc | 0.1-8 | 46.36 | OK | |||
r-devel-windows-x86_64 | 0.1-8 | 3.00 | 45.00 | 48.00 | OK | |
r-patched-linux-x86_64 | 0.1-8 | 2.85 | 25.76 | 28.61 | OK | |
r-release-linux-x86_64 | 0.1-8 | 2.62 | 25.25 | 27.87 | OK | |
r-release-macos-arm64 | 0.1-8 | 19.00 | OK | |||
r-release-macos-x86_64 | 0.1-8 | 28.00 | OK | |||
r-release-windows-x86_64 | 0.1-8 | 3.00 | 45.00 | 48.00 | OK | |
r-oldrel-macos-arm64 | 0.1-8 | 16.00 | OK | |||
r-oldrel-macos-x86_64 | 0.1-8 | 24.00 | OK | |||
r-oldrel-windows-x86_64 | 0.1-8 | 3.00 | 51.00 | 54.00 | OK |
Version: 0.1-8
Check: CRAN incoming feasibility
Result: NOTE
Maintainer: ‘Elena Sabbioni <elena.sabbioni@polito.it>’
The Description field contains
<arXiv:2401.04036>.
Please refer to arXiv e-prints via their arXiv DOI <doi:10.48550/arXiv.YYMM.NNNNN>.
Flavors: r-devel-linux-x86_64-debian-clang, r-devel-linux-x86_64-debian-gcc
These binaries (installable software) and packages are in development.
They may not be fully stable and should be used with caution. We make no claims about them.