CRAN Package Check Results for Package seminr

Last updated on 2025-02-16 08:51:00 CET.

Flavor Version Tinstall Tcheck Ttotal Status Flags
r-devel-linux-x86_64-debian-clang 2.3.4 7.92 125.02 132.94 NOTE
r-devel-linux-x86_64-debian-gcc 2.3.4 5.89 79.74 85.63 NOTE
r-devel-linux-x86_64-fedora-clang 2.3.4 217.12 NOTE
r-devel-linux-x86_64-fedora-gcc 2.3.4 241.49 NOTE
r-devel-macos-arm64 2.3.4 158.00 OK
r-devel-macos-x86_64 2.3.4 285.00 NOTE
r-devel-windows-x86_64 2.3.4 9.00 301.00 310.00 NOTE
r-patched-linux-x86_64 2.3.4 9.28 117.21 126.49 OK
r-release-linux-x86_64 2.3.4 7.26 118.34 125.60 OK
r-release-macos-arm64 2.3.4 106.00 OK
r-release-macos-x86_64 2.3.4 198.00 OK
r-release-windows-x86_64 2.3.4 10.00 304.00 314.00 OK
r-oldrel-macos-arm64 2.3.4 145.00 OK
r-oldrel-macos-x86_64 2.3.4 206.00 OK
r-oldrel-windows-x86_64 2.3.4 11.00 430.00 441.00 OK

Check Details

Version: 2.3.4
Check: DESCRIPTION meta-information
Result: NOTE Missing dependency on R >= 4.1.0 because package code uses the pipe |> or function shorthand \(...) syntax added in R 4.1.0. File(s) using such syntax: ‘boot_utils.R’ Flavors: r-devel-linux-x86_64-debian-clang, r-devel-linux-x86_64-debian-gcc, r-devel-linux-x86_64-fedora-clang, r-devel-linux-x86_64-fedora-gcc, r-devel-macos-x86_64, r-devel-windows-x86_64

Version: 2.3.4
Check: for unstated dependencies in ‘demo’
Result: NOTE 'library' or 'require' call not declared from: ‘swirl’ Flavors: r-devel-linux-x86_64-debian-clang, r-devel-linux-x86_64-debian-gcc

Version: 2.3.4
Check: dependencies in R code
Result: NOTE Namespaces in Imports field not imported from: ‘knitr’ ‘rmarkdown’ ‘webp’ All declared Imports should be used. Flavors: r-devel-linux-x86_64-fedora-clang, r-devel-linux-x86_64-fedora-gcc

These binaries (installable software) and packages are in development.
They may not be fully stable and should be used with caution. We make no claims about them.