CRAN Package Check Results for Package sendigR

Last updated on 2025-07-23 19:50:07 CEST.

Flavor Version Tinstall Tcheck Ttotal Status Flags
r-devel-linux-x86_64-debian-clang 1.0.0 8.50 47.70 56.20 OK
r-devel-linux-x86_64-debian-gcc 1.0.0 6.36 35.70 42.06 OK
r-devel-linux-x86_64-fedora-clang 1.0.0 91.13 NOTE
r-devel-linux-x86_64-fedora-gcc 1.0.0 99.02 NOTE
r-devel-windows-x86_64 1.0.0 10.00 64.00 74.00 OK
r-patched-linux-x86_64 1.0.0 7.14 44.57 51.71 OK
r-release-linux-x86_64 1.0.0 8.56 45.07 53.63 OK
r-release-macos-arm64 1.0.0 36.00 OK
r-release-macos-x86_64 1.0.0 62.00 OK
r-release-windows-x86_64 1.0.0 10.00 64.00 74.00 OK
r-oldrel-macos-arm64 1.0.0 38.00 OK
r-oldrel-macos-x86_64 1.0.0 53.00 OK
r-oldrel-windows-x86_64 1.0.0 13.00 76.00 89.00 OK

Check Details

Version: 1.0.0
Check: dependencies in R code
Result: NOTE Namespace in Imports field not imported from: ‘reticulate’ All declared Imports should be used. Flavors: r-devel-linux-x86_64-fedora-clang, r-devel-linux-x86_64-fedora-gcc

These binaries (installable software) and packages are in development.
They may not be fully stable and should be used with caution. We make no claims about them.