Last updated on 2025-05-01 14:49:22 CEST.
Flavor | Version | Tinstall | Tcheck | Ttotal | Status | Flags |
---|---|---|---|---|---|---|
r-devel-linux-x86_64-debian-clang | 1.5-3 | 13.37 | 135.56 | 148.93 | NOTE | |
r-devel-linux-x86_64-debian-gcc | 1.5-3 | 7.94 | 92.79 | 100.73 | OK | |
r-devel-linux-x86_64-fedora-clang | 1.5-3 | 241.47 | OK | |||
r-devel-linux-x86_64-fedora-gcc | 1.5-3 | 235.51 | OK | |||
r-devel-windows-x86_64 | 1.5-3 | 14.00 | 187.00 | 201.00 | OK | |
r-patched-linux-x86_64 | 1.5-3 | 14.59 | 128.71 | 143.30 | OK | |
r-release-linux-x86_64 | OK | |||||
r-release-macos-arm64 | 1.5-3 | 88.00 | OK | |||
r-release-macos-x86_64 | 1.5-3 | 167.00 | OK | |||
r-release-windows-x86_64 | 1.5-3 | 14.00 | 192.00 | 206.00 | OK | |
r-oldrel-macos-arm64 | 1.5-3 | 66.00 | OK | |||
r-oldrel-macos-x86_64 | 1.5-3 | 110.00 | OK | |||
r-oldrel-windows-x86_64 | 1.5-3 | 18.00 | 208.00 | 226.00 | OK |
Version: 1.5-3
Check: examples
Result: NOTE
Examples with CPU (user + system) or elapsed time > 5s
user system elapsed
dodPwr 5.973 0.015 6.218
Flavor: r-devel-linux-x86_64-debian-clang
These binaries (installable software) and packages are in development.
They may not be fully stable and should be used with caution. We make no claims about them.