Last updated on 2025-11-12 18:50:46 CET.
| Flavor | Version | Tinstall | Tcheck | Ttotal | Status | Flags |
|---|---|---|---|---|---|---|
| r-devel-linux-x86_64-debian-clang | 1.1.0 | 9.38 | 80.68 | 90.06 | NOTE | |
| r-devel-linux-x86_64-debian-gcc | 1.1.0 | 8.13 | 61.16 | 69.29 | NOTE | |
| r-devel-linux-x86_64-fedora-clang | 1.1.0 | 60.00 | 87.40 | 147.40 | OK | |
| r-devel-linux-x86_64-fedora-gcc | 1.1.0 | 48.00 | 89.84 | 137.84 | OK | |
| r-devel-windows-x86_64 | 1.1.0 | 13.00 | 81.00 | 94.00 | OK | |
| r-patched-linux-x86_64 | 1.1.0 | 10.61 | 74.24 | 84.85 | OK | |
| r-release-linux-x86_64 | 1.1.0 | 9.38 | 76.80 | 86.18 | OK | |
| r-release-macos-arm64 | 1.1.0 | 5.00 | 41.00 | 46.00 | OK | |
| r-release-macos-x86_64 | 1.1.0 | 7.00 | 60.00 | 67.00 | OK | |
| r-release-windows-x86_64 | 1.1.0 | 13.00 | 83.00 | 96.00 | OK | |
| r-oldrel-macos-arm64 | 1.1.0 | 4.00 | 32.00 | 36.00 | OK | |
| r-oldrel-macos-x86_64 | 1.1.0 | 10.00 | 71.00 | 81.00 | OK | |
| r-oldrel-windows-x86_64 | 1.1.0 | 17.00 | 108.00 | 125.00 | OK |
Version: 1.1.0
Check: CRAN incoming feasibility
Result: NOTE
Maintainer: ‘Giancarlo Vercellino <giancarlo.vercellino@gmail.com>’
No Authors@R field in DESCRIPTION.
Please add one, modifying
Authors@R: person(given = "Giancarlo",
family = "Vercellino",
role = c("aut", "cre"),
email = "giancarlo.vercellino@gmail.com")
as necessary.
Flavors: r-devel-linux-x86_64-debian-clang, r-devel-linux-x86_64-debian-gcc
These binaries (installable software) and packages are in development.
They may not be fully stable and should be used with caution. We make no claims about them.