Last updated on 2025-05-01 14:49:22 CEST.
Flavor | Version | Tinstall | Tcheck | Ttotal | Status | Flags |
---|---|---|---|---|---|---|
r-devel-linux-x86_64-debian-clang | 1.1.0 | 8.78 | 70.68 | 79.46 | NOTE | |
r-devel-linux-x86_64-debian-gcc | 1.1.0 | 7.57 | 54.09 | 61.66 | NOTE | |
r-devel-linux-x86_64-fedora-clang | 1.1.0 | 119.42 | OK | |||
r-devel-linux-x86_64-fedora-gcc | 1.1.0 | 115.68 | OK | |||
r-devel-windows-x86_64 | 1.1.0 | 12.00 | 78.00 | 90.00 | OK | |
r-patched-linux-x86_64 | 1.1.0 | 8.35 | 65.57 | 73.92 | OK | |
r-release-linux-x86_64 | OK | |||||
r-release-macos-arm64 | 1.1.0 | 46.00 | OK | |||
r-release-macos-x86_64 | 1.1.0 | 67.00 | OK | |||
r-release-windows-x86_64 | 1.1.0 | 12.00 | 78.00 | 90.00 | OK | |
r-oldrel-macos-arm64 | 1.1.0 | 36.00 | OK | |||
r-oldrel-macos-x86_64 | 1.1.0 | 81.00 | OK | |||
r-oldrel-windows-x86_64 | 1.1.0 | 14.00 | 94.00 | 108.00 | OK |
Version: 1.1.0
Check: CRAN incoming feasibility
Result: NOTE
Maintainer: ‘Giancarlo Vercellino <giancarlo.vercellino@gmail.com>’
No Authors@R field in DESCRIPTION.
Please add one, modifying
Authors@R: person(given = "Giancarlo",
family = "Vercellino",
role = c("aut", "cre"),
email = "giancarlo.vercellino@gmail.com")
as necessary.
Flavors: r-devel-linux-x86_64-debian-clang, r-devel-linux-x86_64-debian-gcc
These binaries (installable software) and packages are in development.
They may not be fully stable and should be used with caution. We make no claims about them.