Last updated on 2025-10-23 11:50:27 CEST.
Flavor | Version | Tinstall | Tcheck | Ttotal | Status | Flags |
---|---|---|---|---|---|---|
r-devel-linux-x86_64-debian-clang | 0.1.6 | 4.00 | 168.75 | 172.75 | NOTE | |
r-devel-linux-x86_64-debian-gcc | 0.1.6 | 2.72 | 118.30 | 121.02 | OK | |
r-devel-linux-x86_64-fedora-clang | 0.1.6 | 268.78 | OK | |||
r-devel-linux-x86_64-fedora-gcc | 0.1.6 | 10.00 | 275.14 | 285.14 | OK | |
r-devel-windows-x86_64 | 0.1.6 | 4.00 | 192.00 | 196.00 | OK | |
r-patched-linux-x86_64 | 0.1.6 | 4.31 | 168.25 | 172.56 | OK | |
r-release-linux-x86_64 | 0.1.6 | 3.46 | 168.58 | 172.04 | OK | |
r-release-macos-arm64 | 0.1.6 | 2.00 | 107.00 | 109.00 | OK | |
r-release-macos-x86_64 | 0.1.6 | 3.00 | 238.00 | 241.00 | OK | |
r-release-windows-x86_64 | 0.1.6 | 5.00 | 198.00 | 203.00 | OK | |
r-oldrel-macos-arm64 | 0.1.6 | 2.00 | 115.00 | 117.00 | OK | |
r-oldrel-macos-x86_64 | 0.1.6 | 7.00 | 327.00 | 334.00 | OK | |
r-oldrel-windows-x86_64 | 0.1.6 | 6.00 | 250.00 | 256.00 | OK |
Version: 0.1.6
Check: HTML version of manual
Result: NOTE
Found the following HTML validation problems:
model_helper.html:54:1 (model_helper.Rd:14): Warning: missing </ul> before </div>
plot.sensemakr.html:60:1 (plot.sensemakr.Rd:17): Warning: missing </ul> before </div>
Flavor: r-devel-linux-x86_64-debian-clang
These binaries (installable software) and packages are in development.
They may not be fully stable and should be used with caution. We make no claims about them.