CRAN Package Check Results for Package sensiPhy

Last updated on 2025-10-23 21:51:41 CEST.

Flavor Version Tinstall Tcheck Ttotal Status Flags
r-devel-linux-x86_64-debian-clang 0.8.5 20.63 215.39 236.02 NOTE
r-devel-linux-x86_64-debian-gcc 0.8.5 14.68 143.92 158.60 NOTE
r-devel-linux-x86_64-fedora-clang 0.8.5 40.00 330.67 370.67 NOTE
r-devel-linux-x86_64-fedora-gcc 0.8.5 56.00 333.18 389.18 NOTE
r-devel-windows-x86_64 0.8.5 24.00 210.00 234.00 NOTE
r-patched-linux-x86_64 0.8.5 20.90 205.69 226.59 NOTE
r-release-linux-x86_64 0.8.5 17.94 206.01 223.95 NOTE
r-release-macos-arm64 0.8.5 10.00 93.00 103.00 NOTE
r-release-macos-x86_64 0.8.5 21.00 224.00 245.00 NOTE
r-release-windows-x86_64 0.8.5 49.00 211.00 260.00 NOTE
r-oldrel-macos-arm64 0.8.5 8.00 90.00 98.00 NOTE
r-oldrel-macos-x86_64 0.8.5 14.00 194.00 208.00 NOTE
r-oldrel-windows-x86_64 0.8.5 32.00 286.00 318.00 NOTE

Check Details

Version: 0.8.5
Check: CRAN incoming feasibility
Result: NOTE Maintainer: ‘Gustavo Paterno <paternogbc@gmail.com>’ Package CITATION file contains call(s) to old-style personList() or as.personList(). Please use c() on person objects instead. Package CITATION file contains call(s) to old-style citEntry(). Please use bibentry() instead. Flavors: r-devel-linux-x86_64-debian-clang, r-devel-linux-x86_64-debian-gcc

Version: 0.8.5
Check: Rd files
Result: NOTE checkRd: (-1) match_dataphy.Rd:37-38: Lost braces in \itemize; meant \describe ? checkRd: (-1) match_dataphy.Rd:39-41: Lost braces in \itemize; meant \describe ? checkRd: (-1) match_dataphy.Rd:42-44: Lost braces in \itemize; meant \describe ? Flavors: r-devel-linux-x86_64-debian-clang, r-devel-linux-x86_64-debian-gcc, r-devel-linux-x86_64-fedora-clang, r-devel-linux-x86_64-fedora-gcc, r-devel-windows-x86_64, r-patched-linux-x86_64, r-release-linux-x86_64, r-release-macos-arm64, r-release-macos-x86_64, r-release-windows-x86_64, r-oldrel-macos-arm64, r-oldrel-macos-x86_64, r-oldrel-windows-x86_64

These binaries (installable software) and packages are in development.
They may not be fully stable and should be used with caution. We make no claims about them.