CRAN Package Check Results for Package sensibo.sky

Last updated on 2025-02-16 12:53:51 CET.

Flavor Version Tinstall Tcheck Ttotal Status Flags
r-devel-linux-x86_64-debian-clang 1.0.0 2.05 20.25 22.30 OK
r-devel-linux-x86_64-debian-gcc 1.0.0 1.68 16.22 17.90 OK
r-devel-linux-x86_64-fedora-clang 1.0.0 36.70 OK
r-devel-linux-x86_64-fedora-gcc 1.0.0 33.82 OK
r-devel-macos-arm64 1.0.0 17.00 OK
r-devel-macos-x86_64 1.0.0 25.00 OK
r-devel-windows-x86_64 1.0.0 3.00 44.00 47.00 OK
r-patched-linux-x86_64 1.0.0 2.16 19.37 21.53 NOTE
r-release-linux-x86_64 1.0.0 1.78 19.46 21.24 NOTE
r-release-macos-arm64 1.0.0 16.00 NOTE
r-release-macos-x86_64 1.0.0 22.00 NOTE
r-release-windows-x86_64 1.0.0 4.00 44.00 48.00 NOTE
r-oldrel-macos-arm64 1.0.0 17.00 NOTE
r-oldrel-macos-x86_64 1.0.0 21.00 NOTE
r-oldrel-windows-x86_64 1.0.0 4.00 62.00 66.00 NOTE

Check Details

Version: 1.0.0
Check: LazyData
Result: NOTE 'LazyData' is specified without a 'data' directory Flavors: r-patched-linux-x86_64, r-release-linux-x86_64, r-release-macos-arm64, r-release-macos-x86_64, r-release-windows-x86_64, r-oldrel-macos-arm64, r-oldrel-macos-x86_64, r-oldrel-windows-x86_64

These binaries (installable software) and packages are in development.
They may not be fully stable and should be used with caution. We make no claims about them.