CRAN Package Check Results for Package sensibo.sky

Last updated on 2025-07-25 01:49:39 CEST.

Flavor Version Tinstall Tcheck Ttotal Status Flags
r-devel-linux-x86_64-debian-clang 1.0.0 2.20 20.89 23.09 OK
r-devel-linux-x86_64-debian-gcc 1.0.0 1.61 17.45 19.06 OK
r-devel-linux-x86_64-fedora-clang 1.0.0 36.11 OK
r-devel-linux-x86_64-fedora-gcc 1.0.0 34.70 OK
r-devel-windows-x86_64 1.0.0 4.00 47.00 51.00 OK
r-patched-linux-x86_64 1.0.0 1.90 19.95 21.85 OK
r-release-linux-x86_64 1.0.0 2.10 20.22 22.32 OK
r-release-macos-arm64 1.0.0 21.00 OK
r-release-macos-x86_64 1.0.0 26.00 OK
r-release-windows-x86_64 1.0.0 4.00 46.00 50.00 OK
r-oldrel-macos-arm64 1.0.0 16.00 NOTE
r-oldrel-macos-x86_64 1.0.0 22.00 NOTE
r-oldrel-windows-x86_64 1.0.0 5.00 46.00 51.00 NOTE

Check Details

Version: 1.0.0
Check: LazyData
Result: NOTE 'LazyData' is specified without a 'data' directory Flavors: r-oldrel-macos-arm64, r-oldrel-macos-x86_64, r-oldrel-windows-x86_64

These binaries (installable software) and packages are in development.
They may not be fully stable and should be used with caution. We make no claims about them.