CRAN Package Check Results for Package sensitivity

Last updated on 2025-07-04 21:50:18 CEST.

Flavor Version Tinstall Tcheck Ttotal Status Flags
r-devel-linux-x86_64-debian-clang 1.30.1 89.35 209.14 298.49 OK
r-devel-linux-x86_64-debian-gcc 1.30.1 60.32 136.54 196.86 OK
r-devel-linux-x86_64-fedora-clang 1.30.1 505.05 OK
r-devel-linux-x86_64-fedora-gcc 1.30.1 483.25 OK
r-devel-windows-x86_64 1.30.1 98.00 221.00 319.00 OK
r-patched-linux-x86_64 1.30.1 91.44 191.76 283.20 OK
r-release-linux-x86_64 1.30.1 86.01 193.13 279.14 OK
r-release-macos-arm64 1.30.1 108.00 OK
r-release-macos-x86_64 1.30.1 204.00 OK
r-release-windows-x86_64 1.30.1 98.00 230.00 328.00 OK
r-oldrel-macos-arm64 1.30.1 109.00 NOTE
r-oldrel-macos-x86_64 1.30.1 257.00 NOTE
r-oldrel-windows-x86_64 1.30.1 125.00 288.00 413.00 OK

Check Details

Version: 1.30.1
Check: installed package size
Result: NOTE installed size is 5.5Mb sub-directories of 1Mb or more: R 2.3Mb libs 2.6Mb Flavors: r-oldrel-macos-arm64, r-oldrel-macos-x86_64

These binaries (installable software) and packages are in development.
They may not be fully stable and should be used with caution. We make no claims about them.