Last updated on 2025-05-01 08:52:45 CEST.
Flavor | Version | Tinstall | Tcheck | Ttotal | Status | Flags |
---|---|---|---|---|---|---|
r-devel-linux-x86_64-debian-clang | 1.30.1 | 85.39 | 203.87 | 289.26 | OK | |
r-devel-linux-x86_64-debian-gcc | 1.30.1 | 59.66 | 134.80 | 194.46 | OK | |
r-devel-linux-x86_64-fedora-clang | 1.30.1 | 530.31 | OK | |||
r-devel-linux-x86_64-fedora-gcc | 1.30.1 | 450.46 | OK | |||
r-devel-windows-x86_64 | 1.30.1 | 93.00 | 229.00 | 322.00 | OK | |
r-patched-linux-x86_64 | 1.30.1 | 81.78 | 191.67 | 273.45 | OK | |
r-release-linux-x86_64 | OK | |||||
r-release-macos-arm64 | 1.30.1 | 108.00 | OK | |||
r-release-macos-x86_64 | 1.30.1 | 204.00 | OK | |||
r-release-windows-x86_64 | 1.30.1 | 103.00 | 230.00 | 333.00 | OK | |
r-oldrel-macos-arm64 | 1.30.1 | 109.00 | NOTE | |||
r-oldrel-macos-x86_64 | 1.30.1 | 257.00 | NOTE | |||
r-oldrel-windows-x86_64 | 1.30.1 | 116.00 | 300.00 | 416.00 | OK |
Version: 1.30.1
Check: installed package size
Result: NOTE
installed size is 5.5Mb
sub-directories of 1Mb or more:
R 2.3Mb
libs 2.6Mb
Flavors: r-oldrel-macos-arm64, r-oldrel-macos-x86_64
These binaries (installable software) and packages are in development.
They may not be fully stable and should be used with caution. We make no claims about them.