Last updated on 2025-10-24 21:50:19 CEST.
| Flavor | Version | Tinstall | Tcheck | Ttotal | Status | Flags |
|---|---|---|---|---|---|---|
| r-devel-linux-x86_64-debian-clang | 1.30.2 | 91.46 | 227.42 | 318.88 | OK | |
| r-devel-linux-x86_64-debian-gcc | 1.30.2 | 59.53 | 151.36 | 210.89 | OK | |
| r-devel-linux-x86_64-fedora-clang | 1.30.2 | 583.00 | -24.90 | 558.10 | OK | |
| r-devel-linux-x86_64-fedora-gcc | 1.30.2 | 418.00 | 91.12 | 509.12 | OK | |
| r-devel-windows-x86_64 | 1.30.2 | 100.00 | 240.00 | 340.00 | OK | |
| r-patched-linux-x86_64 | 1.30.2 | 87.43 | 212.22 | 299.65 | OK | |
| r-release-linux-x86_64 | 1.30.2 | 88.25 | 213.21 | 301.46 | OK | |
| r-release-macos-arm64 | 1.30.2 | 36.00 | 87.00 | 123.00 | OK | |
| r-release-macos-x86_64 | 1.30.2 | 55.00 | 214.00 | 269.00 | OK | |
| r-release-windows-x86_64 | 1.30.2 | 106.00 | 244.00 | 350.00 | OK | |
| r-oldrel-macos-arm64 | 1.30.2 | 37.00 | 93.00 | 130.00 | NOTE | |
| r-oldrel-macos-x86_64 | 1.30.2 | 62.00 | 186.00 | 248.00 | NOTE | |
| r-oldrel-windows-x86_64 | 1.30.2 | 128.00 | 313.00 | 441.00 | OK |
Version: 1.30.2
Check: installed package size
Result: NOTE
installed size is 5.5Mb
sub-directories of 1Mb or more:
R 2.3Mb
libs 2.6Mb
Flavors: r-oldrel-macos-arm64, r-oldrel-macos-x86_64
These binaries (installable software) and packages are in development.
They may not be fully stable and should be used with caution. We make no claims about them.