CRAN Package Check Results for Package sensitivityCalibration

Last updated on 2025-05-23 11:56:07 CEST.

Flavor Version Tinstall Tcheck Ttotal Status Flags
r-devel-linux-x86_64-debian-clang 0.0.1 13.01 96.89 109.90 NOTE
r-devel-linux-x86_64-debian-gcc 0.0.1 8.29 72.50 80.79 NOTE
r-devel-linux-x86_64-fedora-clang 0.0.1 173.80 OK
r-devel-linux-x86_64-fedora-gcc 0.0.1 156.54 OK
r-devel-windows-x86_64 0.0.1 13.00 102.00 115.00 OK
r-patched-linux-x86_64 0.0.1 11.49 91.33 102.82 OK
r-release-linux-x86_64 0.0.1 11.15 91.27 102.42 OK
r-release-macos-arm64 0.0.1 55.00 OK
r-release-macos-x86_64 0.0.1 101.00 OK
r-release-windows-x86_64 0.0.1 14.00 103.00 117.00 OK
r-oldrel-macos-arm64 0.0.1 50.00 OK
r-oldrel-macos-x86_64 0.0.1 78.00 OK
r-oldrel-windows-x86_64 0.0.1 17.00 132.00 149.00 OK

Check Details

Version: 0.0.1
Check: CRAN incoming feasibility
Result: NOTE Maintainer: ‘Bo Zhang <bozhan@wharton.upenn.edu>’ No Authors@R field in DESCRIPTION. Please add one, modifying Authors@R: person(given = "Bo", family = "Zhang", role = c("aut", "cre"), email = "bozhan@wharton.upenn.edu") as necessary. The Description field contains B., Small, D. S. (2018). <arXiv:1812.00215>. Please refer to arXiv e-prints via their arXiv DOI <doi:10.48550/arXiv.YYMM.NNNNN>. Flavors: r-devel-linux-x86_64-debian-clang, r-devel-linux-x86_64-debian-gcc

These binaries (installable software) and packages are in development.
They may not be fully stable and should be used with caution. We make no claims about them.