CRAN Package Check Results for Package sensitivityfull

Last updated on 2025-02-16 08:51:00 CET.

Flavor Version Tinstall Tcheck Ttotal Status Flags
r-devel-linux-x86_64-debian-clang 1.5.6 1.87 19.01 20.88 OK
r-devel-linux-x86_64-debian-gcc 1.5.6 1.48 15.09 16.57 OK
r-devel-linux-x86_64-fedora-clang 1.5.6 33.73 OK
r-devel-linux-x86_64-fedora-gcc 1.5.6 31.17 OK
r-devel-macos-arm64 1.5.6 15.00 OK
r-devel-macos-x86_64 1.5.6 22.00 OK
r-devel-windows-x86_64 1.5.6 3.00 41.00 44.00 OK
r-patched-linux-x86_64 1.5.6 2.05 17.70 19.75 NOTE
r-release-linux-x86_64 1.5.6 1.72 17.67 19.39 NOTE
r-release-macos-arm64 1.5.6 16.00 NOTE
r-release-macos-x86_64 1.5.6 20.00 NOTE
r-release-windows-x86_64 1.5.6 3.00 40.00 43.00 NOTE
r-oldrel-macos-arm64 1.5.6 18.00 NOTE
r-oldrel-macos-x86_64 1.5.6 20.00 NOTE
r-oldrel-windows-x86_64 1.5.6 3.00 42.00 45.00 NOTE

Check Details

Version: 1.5.6
Check: LazyData
Result: NOTE 'LazyData' is specified without a 'data' directory Flavors: r-patched-linux-x86_64, r-release-linux-x86_64, r-release-macos-arm64, r-release-macos-x86_64, r-release-windows-x86_64, r-oldrel-macos-arm64, r-oldrel-macos-x86_64, r-oldrel-windows-x86_64

These binaries (installable software) and packages are in development.
They may not be fully stable and should be used with caution. We make no claims about them.