Last updated on 2025-05-01 17:56:16 CEST.
Flavor | Version | Tinstall | Tcheck | Ttotal | Status | Flags |
---|---|---|---|---|---|---|
r-devel-linux-x86_64-debian-clang | 1.4.3 | 2.02 | 20.76 | 22.78 | NOTE | |
r-devel-linux-x86_64-debian-gcc | 1.4.3 | 1.33 | 16.16 | 17.49 | NOTE | |
r-devel-linux-x86_64-fedora-clang | 1.4.4 | 37.09 | OK | |||
r-devel-linux-x86_64-fedora-gcc | 1.4.3 | 33.48 | OK | |||
r-devel-windows-x86_64 | 1.4.4 | 5.00 | 41.00 | 46.00 | OK | |
r-patched-linux-x86_64 | 1.4.3 | 2.21 | 19.50 | 21.71 | OK | |
r-release-linux-x86_64 | OK | |||||
r-release-macos-arm64 | 1.4.4 | 13.00 | OK | |||
r-release-macos-x86_64 | 1.4.4 | 22.00 | OK | |||
r-release-windows-x86_64 | 1.4.3 | 3.00 | 42.00 | 45.00 | OK | |
r-oldrel-macos-arm64 | 1.4.4 | 19.00 | OK | |||
r-oldrel-macos-x86_64 | 1.4.4 | 28.00 | OK | |||
r-oldrel-windows-x86_64 | 1.4.3 | 3.00 | 40.00 | 43.00 | OK |
Version: 1.4.3
Check: CRAN incoming feasibility
Result: NOTE
Maintainer: ‘Paul R. Rosenbaum <rosenbaum@wharton.upenn.edu>’
No Authors@R field in DESCRIPTION.
Please add one, modifying
Authors@R: person(given = c("Paul", "R."),
family = "Rosenbaum",
role = c("aut", "cre"),
email = "rosenbaum@wharton.upenn.edu")
as necessary.
File 'R/sensitivitymv-internal.R' sets .Random.seed.
This is usually neither needed nor wanted.
Flavors: r-devel-linux-x86_64-debian-clang, r-devel-linux-x86_64-debian-gcc
These binaries (installable software) and packages are in development.
They may not be fully stable and should be used with caution. We make no claims about them.