Last updated on 2025-05-01 08:52:45 CEST.
Flavor | Version | Tinstall | Tcheck | Ttotal | Status | Flags |
---|---|---|---|---|---|---|
r-devel-linux-x86_64-debian-clang | 0.2.3 | 392.96 | 37.08 | 430.04 | NOTE | |
r-devel-linux-x86_64-debian-gcc | 0.2.3 | 330.70 | 28.57 | 359.27 | NOTE | |
r-devel-linux-x86_64-fedora-clang | 0.2.3 | 960.38 | NOTE | |||
r-devel-linux-x86_64-fedora-gcc | 0.2.3 | 941.91 | NOTE | |||
r-devel-windows-x86_64 | 0.2.3 | 590.00 | 94.00 | 684.00 | NOTE | |
r-patched-linux-x86_64 | 0.2.3 | 481.49 | 34.84 | 516.33 | NOTE | |
r-release-linux-x86_64 | NOTE | |||||
r-release-macos-arm64 | 0.2.3 | 180.00 | NOTE | |||
r-release-macos-x86_64 | 0.2.3 | 151.00 | NOTE | |||
r-release-windows-x86_64 | 0.2.3 | 581.00 | 95.00 | 676.00 | NOTE | |
r-oldrel-macos-arm64 | 0.2.3 | 185.00 | NOTE | |||
r-oldrel-macos-x86_64 | 0.2.3 | 143.00 | NOTE | |||
r-oldrel-windows-x86_64 | 0.2.3 | 514.00 | 109.00 | 623.00 | NOTE |
Version: 0.2.3
Check: C++ specification
Result: NOTE
Specified C++11: please drop specification unless essential
Flavors: r-devel-linux-x86_64-debian-clang, r-devel-linux-x86_64-debian-gcc, r-devel-linux-x86_64-fedora-clang, r-devel-linux-x86_64-fedora-gcc, r-devel-windows-x86_64, r-patched-linux-x86_64, r-release-linux-x86_64, r-release-macos-arm64, r-release-macos-x86_64, r-release-windows-x86_64, r-oldrel-macos-arm64, r-oldrel-macos-x86_64, r-oldrel-windows-x86_64
Version: 0.2.3
Check: examples
Result: NOTE
Examples with CPU (user + system) or elapsed time > 5s
user system elapsed
BPEembedder 7.58 0.032 12.568
Flavor: r-devel-linux-x86_64-debian-clang
Version: 0.2.3
Check: examples
Result: NA
user system elapsed
BPEembedder 4.895 0.041 6.474
OK
Flavor: r-devel-linux-x86_64-debian-gcc
Version: 0.2.3
Check: installed package size
Result: NOTE
installed size is 21.5Mb
sub-directories of 1Mb or more:
libs 19.7Mb
models 1.6Mb
Flavors: r-oldrel-macos-arm64, r-oldrel-macos-x86_64, r-oldrel-windows-x86_64
These binaries (installable software) and packages are in development.
They may not be fully stable and should be used with caution. We make no claims about them.