CRAN Package Check Results for Package sentencepiece

Last updated on 2025-10-23 17:51:02 CEST.

Flavor Version Tinstall Tcheck Ttotal Status Flags
r-devel-linux-x86_64-debian-clang 0.2.3 398.06 38.81 436.87 NOTE
r-devel-linux-x86_64-debian-gcc 0.2.3 264.93 30.23 295.16 NOTE
r-devel-linux-x86_64-fedora-clang 0.2.3 840.00 40.03 880.03 NOTE
r-devel-linux-x86_64-fedora-gcc 0.2.3 840.00 -37.81 802.19 NOTE
r-devel-windows-x86_64 0.2.3 574.00 84.00 658.00 NOTE
r-patched-linux-x86_64 0.2.3 483.51 36.47 519.98 NOTE
r-release-linux-x86_64 0.2.3 482.50 36.65 519.15 NOTE
r-release-macos-arm64 0.2.3 145.00 35.00 180.00 NOTE
r-release-macos-x86_64 0.2.3 107.00 44.00 151.00 NOTE
r-release-windows-x86_64 0.2.3 578.00 85.00 663.00 NOTE
r-oldrel-macos-arm64 0.2.3 153.00 32.00 185.00 NOTE
r-oldrel-macos-x86_64 0.2.3 105.00 38.00 143.00 NOTE
r-oldrel-windows-x86_64 0.2.3 569.00 109.00 678.00 NOTE

Check Details

Version: 0.2.3
Check: C++ specification
Result: NOTE Specified C++11: please drop specification unless essential Flavors: r-devel-linux-x86_64-debian-clang, r-devel-linux-x86_64-debian-gcc, r-devel-linux-x86_64-fedora-clang, r-devel-linux-x86_64-fedora-gcc, r-devel-windows-x86_64, r-patched-linux-x86_64, r-release-linux-x86_64, r-release-macos-arm64, r-release-macos-x86_64, r-release-windows-x86_64, r-oldrel-macos-arm64, r-oldrel-macos-x86_64, r-oldrel-windows-x86_64

Version: 0.2.3
Check: installed package size
Result: NOTE installed size is 21.5Mb sub-directories of 1Mb or more: libs 19.7Mb models 1.6Mb Flavors: r-oldrel-macos-arm64, r-oldrel-macos-x86_64, r-oldrel-windows-x86_64

These binaries (installable software) and packages are in development.
They may not be fully stable and should be used with caution. We make no claims about them.