Last updated on 2025-05-01 17:56:16 CEST.
Flavor | Version | Tinstall | Tcheck | Ttotal | Status | Flags |
---|---|---|---|---|---|---|
r-devel-linux-x86_64-debian-clang | 2.9.0 | 8.45 | 74.14 | 82.59 | NOTE | |
r-devel-linux-x86_64-debian-gcc | 2.9.0 | 6.70 | 52.16 | 58.86 | NOTE | |
r-devel-linux-x86_64-fedora-clang | 2.9.0 | 116.61 | OK | |||
r-devel-linux-x86_64-fedora-gcc | 2.9.0 | 106.86 | OK | |||
r-devel-windows-x86_64 | 2.9.0 | 10.00 | 96.00 | 106.00 | OK | |
r-patched-linux-x86_64 | 2.9.0 | 9.20 | 63.39 | 72.59 | OK | |
r-release-linux-x86_64 | OK | |||||
r-release-macos-arm64 | 2.9.0 | 38.00 | OK | |||
r-release-macos-x86_64 | 2.9.0 | 63.00 | OK | |||
r-release-windows-x86_64 | 2.9.0 | 11.00 | 99.00 | 110.00 | OK | |
r-oldrel-macos-arm64 | 2.9.0 | 35.00 | OK | |||
r-oldrel-macos-x86_64 | 2.9.0 | 52.00 | OK | |||
r-oldrel-windows-x86_64 | 2.9.0 | 12.00 | 108.00 | 120.00 | OK |
Version: 2.9.0
Check: CRAN incoming feasibility
Result: NOTE
Maintainer: ‘Tyler Rinker <tyler.rinker@gmail.com>’
Package CITATION file contains call(s) to old-style citEntry(). Please
use bibentry() instead.
Flavors: r-devel-linux-x86_64-debian-clang, r-devel-linux-x86_64-debian-gcc
Version: 2.9.0
Check: examples
Result: NOTE
Examples with CPU (user + system) or elapsed time > 5s
user system elapsed
extract_sentiment_terms 5.669 0.209 2.929
Flavor: r-devel-linux-x86_64-debian-clang
These binaries (installable software) and packages are in development.
They may not be fully stable and should be used with caution. We make no claims about them.