Last updated on 2025-10-24 05:50:56 CEST.
| Flavor | Version | Tinstall | Tcheck | Ttotal | Status | Flags |
|---|---|---|---|---|---|---|
| r-devel-linux-x86_64-debian-clang | 2.9.0 | 7.47 | 77.76 | 85.23 | NOTE | |
| r-devel-linux-x86_64-debian-gcc | 2.9.0 | 4.89 | 54.29 | 59.18 | NOTE | |
| r-devel-linux-x86_64-fedora-clang | 2.9.0 | 19.00 | 100.24 | 119.24 | OK | |
| r-devel-linux-x86_64-fedora-gcc | 2.9.0 | 25.00 | 87.13 | 112.13 | OK | |
| r-devel-windows-x86_64 | 2.9.0 | 10.00 | 94.00 | 104.00 | OK | |
| r-patched-linux-x86_64 | 2.9.0 | 8.08 | 67.77 | 75.85 | OK | |
| r-release-linux-x86_64 | 2.9.0 | 8.44 | 67.24 | 75.68 | OK | |
| r-release-macos-arm64 | 2.9.0 | 4.00 | 34.00 | 38.00 | OK | |
| r-release-macos-x86_64 | 2.9.0 | 8.00 | 55.00 | 63.00 | OK | |
| r-release-windows-x86_64 | 2.9.0 | 11.00 | 95.00 | 106.00 | OK | |
| r-oldrel-macos-arm64 | 2.9.0 | 5.00 | 30.00 | 35.00 | OK | |
| r-oldrel-macos-x86_64 | 2.9.0 | 7.00 | 45.00 | 52.00 | OK | |
| r-oldrel-windows-x86_64 | 2.9.0 | 13.00 | 115.00 | 128.00 | OK |
Version: 2.9.0
Check: CRAN incoming feasibility
Result: NOTE
Maintainer: ‘Tyler Rinker <tyler.rinker@gmail.com>’
Package CITATION file contains call(s) to old-style citEntry(). Please
use bibentry() instead.
Flavors: r-devel-linux-x86_64-debian-clang, r-devel-linux-x86_64-debian-gcc
Version: 2.9.0
Check: HTML version of manual
Result: NOTE
Found the following HTML validation problems:
get_sentences2.html:50:1 (get_sentences2.Rd:12): Warning: missing </ul> before </div>
print.extract_emotion_terms.html:51:1 (print.extract_emotion_terms.Rd:12): Warning: missing </ul> before </div>
print.extract_profanity_terms.html:51:1 (print.extract_profanity_terms.Rd:12): Warning: missing </ul> before </div>
print.extract_sentiment_terms.html:51:1 (print.extract_sentiment_terms.Rd:12): Warning: missing </ul> before </div>
print.validate_sentiment.html:51:1 (print.validate_sentiment.Rd:12): Warning: missing </ul> before </div>
Flavor: r-devel-linux-x86_64-debian-clang
These binaries (installable software) and packages are in development.
They may not be fully stable and should be used with caution. We make no claims about them.