Last updated on 2025-05-28 21:50:22 CEST.
Flavor | Version | Tinstall | Tcheck | Ttotal | Status | Flags |
---|---|---|---|---|---|---|
r-devel-linux-x86_64-debian-clang | 1.0.1 | 66.91 | 217.74 | 284.65 | OK | |
r-devel-linux-x86_64-debian-gcc | 1.0.1 | 46.60 | 147.29 | 193.89 | OK | |
r-devel-linux-x86_64-fedora-clang | 1.0.1 | 433.20 | OK | |||
r-devel-linux-x86_64-fedora-gcc | 1.0.1 | 399.08 | OK | |||
r-devel-windows-x86_64 | 1.0.1 | 79.00 | 213.00 | 292.00 | OK | |
r-patched-linux-x86_64 | 1.0.1 | 62.43 | 184.65 | 247.08 | OK | |
r-release-linux-x86_64 | 1.0.1 | 61.32 | 190.63 | 251.95 | OK | |
r-release-macos-arm64 | 1.0.1 | 111.00 | OK | |||
r-release-macos-x86_64 | 1.0.1 | 208.00 | OK | |||
r-release-windows-x86_64 | 1.0.1 | 75.00 | 210.00 | 285.00 | OK | |
r-oldrel-macos-arm64 | 1.0.1 | 114.00 | NOTE | |||
r-oldrel-macos-x86_64 | 1.0.1 | 195.00 | NOTE | |||
r-oldrel-windows-x86_64 | 1.0.1 | 91.00 | 276.00 | 367.00 | NOTE |
Version: 1.0.1
Check: installed package size
Result: NOTE
installed size is 7.7Mb
sub-directories of 1Mb or more:
data 2.3Mb
libs 4.2Mb
Flavors: r-oldrel-macos-arm64, r-oldrel-macos-x86_64
Version: 1.0.1
Check: for GNU extensions in Makefiles
Result: NOTE
GNU make is a SystemRequirements.
Flavors: r-oldrel-macos-arm64, r-oldrel-macos-x86_64, r-oldrel-windows-x86_64
These binaries (installable software) and packages are in development.
They may not be fully stable and should be used with caution. We make no claims about them.