CRAN Package Check Results for Package sentometrics

Last updated on 2025-02-19 17:51:04 CET.

Flavor Version Tinstall Tcheck Ttotal Status Flags
r-devel-linux-x86_64-debian-clang 1.0.0 60.88 205.44 266.32 NOTE
r-devel-linux-x86_64-debian-gcc 1.0.0 41.81 133.12 174.93 NOTE
r-devel-linux-x86_64-fedora-clang 1.0.0 419.75 NOTE
r-devel-linux-x86_64-fedora-gcc 1.0.0 421.85 NOTE
r-devel-macos-arm64 1.0.0 124.00 NOTE
r-devel-macos-x86_64 1.0.0 192.00 NOTE
r-devel-windows-x86_64 1.0.0 67.00 200.00 267.00 NOTE
r-patched-linux-x86_64 1.0.0 72.51 177.86 250.37 NOTE
r-release-linux-x86_64 1.0.0 58.13 176.39 234.52 NOTE
r-release-macos-arm64 1.0.0 69.00 NOTE
r-release-macos-x86_64 1.0.0 103.00 NOTE
r-release-windows-x86_64 1.0.0 66.00 200.00 266.00 NOTE
r-oldrel-macos-arm64 1.0.0 146.00 NOTE
r-oldrel-macos-x86_64 1.0.0 211.00 NOTE
r-oldrel-windows-x86_64 1.0.0 89.00 258.00 347.00 NOTE

Check Details

Version: 1.0.0
Check: C++ specification
Result: NOTE Specified C++11: please drop specification unless essential Flavors: r-devel-linux-x86_64-debian-clang, r-devel-linux-x86_64-debian-gcc, r-devel-linux-x86_64-fedora-clang, r-devel-linux-x86_64-fedora-gcc, r-devel-macos-arm64, r-devel-macos-x86_64, r-devel-windows-x86_64, r-patched-linux-x86_64, r-release-linux-x86_64, r-release-macos-arm64, r-release-macos-x86_64, r-release-windows-x86_64, r-oldrel-macos-arm64, r-oldrel-macos-x86_64, r-oldrel-windows-x86_64

Version: 1.0.0
Check: Rd cross-references
Result: NOTE Found the following Rd file(s) with Rd \link{} targets missing package anchors: as.data.table.sento_measures.Rd: as.data.table plot.attributions.Rd: ggplot plot.sento_measures.Rd: ggplot plot.sento_modelIter.Rd: ggplot predict.sento_model.Rd: predict.glmnet Please provide package anchors for all Rd \link{} targets not in the package itself and the base packages. Flavors: r-devel-linux-x86_64-debian-clang, r-devel-linux-x86_64-debian-gcc, r-devel-windows-x86_64

Version: 1.0.0
Check: for GNU extensions in Makefiles
Result: NOTE GNU make is a SystemRequirements. Flavors: r-patched-linux-x86_64, r-release-linux-x86_64, r-release-macos-arm64, r-release-macos-x86_64, r-release-windows-x86_64, r-oldrel-macos-arm64, r-oldrel-macos-x86_64, r-oldrel-windows-x86_64

Version: 1.0.0
Check: installed package size
Result: NOTE installed size is 7.6Mb sub-directories of 1Mb or more: data 2.3Mb libs 4.1Mb Flavors: r-release-macos-arm64, r-release-macos-x86_64, r-oldrel-macos-arm64, r-oldrel-macos-x86_64

These binaries (installable software) and packages are in development.
They may not be fully stable and should be used with caution. We make no claims about them.