Last updated on 2025-05-21 21:49:30 CEST.
Flavor | Version | Tinstall | Tcheck | Ttotal | Status | Flags |
---|---|---|---|---|---|---|
r-devel-linux-x86_64-debian-clang | 0.7.4 | 55.38 | 405.36 | 460.74 | OK | |
r-devel-linux-x86_64-debian-gcc | 0.7.4 | 41.24 | 339.93 | 381.17 | OK | |
r-devel-linux-x86_64-fedora-clang | 0.7.4 | 672.30 | OK | |||
r-devel-linux-x86_64-fedora-gcc | 0.7.4 | 496.46 | OK | |||
r-devel-windows-x86_64 | 0.7.4 | 63.00 | 415.00 | 478.00 | OK | |
r-patched-linux-x86_64 | 0.7.4 | 52.09 | 362.53 | 414.62 | OK | |
r-release-linux-x86_64 | 0.7.4 | 54.03 | 360.18 | 414.21 | OK | |
r-release-macos-arm64 | 0.7.4 | 216.00 | OK | |||
r-release-macos-x86_64 | 0.7.4 | 365.00 | OK | |||
r-release-windows-x86_64 | 0.7.4 | 65.00 | 348.00 | 413.00 | OK | |
r-oldrel-macos-arm64 | 0.7.4 | 190.00 | NOTE | |||
r-oldrel-macos-x86_64 | 0.7.4 | 347.00 | NOTE | |||
r-oldrel-windows-x86_64 | 0.7.4 | 74.00 | 443.00 | 517.00 | OK |
Version: 0.7.4
Check: installed package size
Result: NOTE
installed size is 6.5Mb
sub-directories of 1Mb or more:
data 1.2Mb
libs 4.4Mb
Flavors: r-oldrel-macos-arm64, r-oldrel-macos-x86_64
These binaries (installable software) and packages are in development.
They may not be fully stable and should be used with caution. We make no claims about them.