Last updated on 2025-10-03 15:50:02 CEST.
Flavor | Version | Tinstall | Tcheck | Ttotal | Status | Flags |
---|---|---|---|---|---|---|
r-devel-linux-x86_64-debian-clang | 0.7.5 | 57.03 | 411.20 | 468.23 | OK | |
r-devel-linux-x86_64-debian-gcc | 0.7.5 | 38.37 | 331.97 | 370.34 | OK | |
r-devel-linux-x86_64-fedora-clang | 0.7.5 | 585.44 | OK | |||
r-devel-linux-x86_64-fedora-gcc | 0.7.5 | 466.07 | OK | |||
r-devel-windows-x86_64 | 0.7.5 | 66.00 | 361.00 | 427.00 | OK | |
r-patched-linux-x86_64 | 0.7.5 | 56.52 | 369.36 | 425.88 | OK | |
r-release-linux-x86_64 | 0.7.4 | 53.32 | 369.94 | 423.26 | OK | |
r-release-macos-arm64 | 0.7.5 | 216.00 | OK | |||
r-release-macos-x86_64 | 0.7.5 | 650.00 | OK | |||
r-release-windows-x86_64 | 0.7.5 | 62.00 | 331.00 | 393.00 | OK | |
r-oldrel-macos-arm64 | 0.7.4 | 190.00 | NOTE | |||
r-oldrel-macos-x86_64 | 0.7.5 | 714.00 | NOTE | |||
r-oldrel-windows-x86_64 | 0.7.5 | 70.00 | 359.00 | 429.00 | OK |
Version: 0.7.4
Check: installed package size
Result: NOTE
installed size is 6.5Mb
sub-directories of 1Mb or more:
data 1.2Mb
libs 4.4Mb
Flavor: r-oldrel-macos-arm64
Version: 0.7.5
Check: installed package size
Result: NOTE
installed size is 6.9Mb
sub-directories of 1Mb or more:
data 1.2Mb
libs 4.5Mb
Flavor: r-oldrel-macos-x86_64
These binaries (installable software) and packages are in development.
They may not be fully stable and should be used with caution. We make no claims about them.