Last updated on 2025-11-11 15:50:47 CET.
| Flavor | Version | Tinstall | Tcheck | Ttotal | Status | Flags |
|---|---|---|---|---|---|---|
| r-devel-linux-x86_64-debian-clang | 0.1.31 | 56.81 | 414.83 | 471.64 | NOTE | |
| r-devel-linux-x86_64-debian-gcc | 0.1.31 | 39.73 | 268.66 | 308.39 | NOTE | |
| r-devel-linux-x86_64-fedora-clang | 0.1.31 | 117.00 | 633.56 | 750.56 | OK | |
| r-devel-linux-x86_64-fedora-gcc | 0.1.31 | 119.00 | 594.46 | 713.46 | OK | |
| r-devel-windows-x86_64 | 0.1.31 | 55.00 | 303.00 | 358.00 | OK | |
| r-patched-linux-x86_64 | 0.1.31 | 52.87 | 389.94 | 442.81 | OK | |
| r-release-linux-x86_64 | 0.1.31 | 52.64 | 393.43 | 446.07 | OK | |
| r-release-macos-arm64 | 0.1.31 | 27.00 | 160.00 | 187.00 | OK | |
| r-release-macos-x86_64 | 0.1.31 | 48.00 | 290.00 | 338.00 | OK | |
| r-release-windows-x86_64 | 0.1.31 | 49.00 | 305.00 | 354.00 | OK | |
| r-oldrel-macos-arm64 | 0.1.31 | 20.00 | 111.00 | 131.00 | OK | |
| r-oldrel-macos-x86_64 | 0.1.31 | 33.00 | 183.00 | 216.00 | OK | |
| r-oldrel-windows-x86_64 | 0.1.31 | 72.00 | 444.00 | 516.00 | OK |
Version: 0.1.31
Check: DESCRIPTION meta-information
Result: NOTE
Author field differs from that derived from Authors@R
Author: ‘Inder Tecuapetla-Gómez [cre, aut] (0000-0001-6251-972X), Fanny Galicia-Gómez [ctb], Francisco Rosales-Marticorena [ctb]’
Authors@R: ‘Inder Tecuapetla-Gómez [cre, aut] (ORDIC: 0000-0001-6251-972X), Fanny Galicia-Gómez [ctb], Francisco Rosales-Marticorena [ctb]’
Flavors: r-devel-linux-x86_64-debian-clang, r-devel-linux-x86_64-debian-gcc
These binaries (installable software) and packages are in development.
They may not be fully stable and should be used with caution. We make no claims about them.