Last updated on 2025-10-09 17:50:51 CEST.
Flavor | Version | Tinstall | Tcheck | Ttotal | Status | Flags |
---|---|---|---|---|---|---|
r-devel-linux-x86_64-debian-clang | 0.1.31 | 51.08 | 410.45 | 461.53 | NOTE | |
r-devel-linux-x86_64-debian-gcc | 0.1.31 | 35.13 | 269.19 | 304.32 | NOTE | |
r-devel-linux-x86_64-fedora-clang | 0.1.31 | 734.74 | OK | |||
r-devel-linux-x86_64-fedora-gcc | 0.1.31 | 711.20 | OK | |||
r-devel-windows-x86_64 | 0.1.31 | 51.00 | 377.00 | 428.00 | OK | |
r-patched-linux-x86_64 | 0.1.31 | 54.49 | 391.52 | 446.01 | OK | |
r-release-linux-x86_64 | 0.1.31 | 53.63 | 395.96 | 449.59 | OK | |
r-release-macos-arm64 | 0.1.31 | 187.00 | OK | |||
r-release-macos-x86_64 | 0.1.31 | 338.00 | OK | |||
r-release-windows-x86_64 | 0.1.31 | 75.00 | 308.00 | 383.00 | OK | |
r-oldrel-macos-arm64 | 0.1.31 | 131.00 | OK | |||
r-oldrel-macos-x86_64 | 0.1.31 | 216.00 | OK | |||
r-oldrel-windows-x86_64 | 0.1.31 | 71.00 | 497.00 | 568.00 | OK |
Version: 0.1.31
Check: DESCRIPTION meta-information
Result: NOTE
Author field differs from that derived from Authors@R
Author: ‘Inder Tecuapetla-Gómez [cre, aut] (0000-0001-6251-972X), Fanny Galicia-Gómez [ctb], Francisco Rosales-Marticorena [ctb]’
Authors@R: ‘Inder Tecuapetla-Gómez [cre, aut] (ORDIC: 0000-0001-6251-972X), Fanny Galicia-Gómez [ctb], Francisco Rosales-Marticorena [ctb]’
Flavors: r-devel-linux-x86_64-debian-clang, r-devel-linux-x86_64-debian-gcc
These binaries (installable software) and packages are in development.
They may not be fully stable and should be used with caution. We make no claims about them.