CRAN Package Check Results for Package sepkoski

Last updated on 2025-05-25 19:49:46 CEST.

Flavor Version Tinstall Tcheck Ttotal Status Flags
r-devel-linux-x86_64-debian-clang 0.0.1 2.95 22.17 25.12 NOTE
r-devel-linux-x86_64-debian-gcc 0.0.1 2.17 18.78 20.95 NOTE
r-devel-linux-x86_64-fedora-clang 0.0.1 38.67 OK
r-devel-linux-x86_64-fedora-gcc 0.0.1 35.52 OK
r-devel-windows-x86_64 0.0.1 3.00 66.00 69.00 OK
r-patched-linux-x86_64 0.0.1 2.92 20.36 23.28 OK
r-release-linux-x86_64 0.0.1 2.54 20.36 22.90 OK
r-release-macos-arm64 0.0.1 19.00 OK
r-release-macos-x86_64 0.0.1 39.00 OK
r-release-windows-x86_64 0.0.1 4.00 44.00 48.00 OK
r-oldrel-macos-arm64 0.0.1 16.00 OK
r-oldrel-macos-x86_64 0.0.1 32.00 OK
r-oldrel-windows-x86_64 0.0.1 5.00 49.00 54.00 OK

Check Details

Version: 0.0.1
Check: CRAN incoming feasibility
Result: NOTE Maintainer: ‘Lewis A. Jones <LewisA.Jones@outlook.com>’ Package CITATION file contains call(s) to old-style citEntry(). Please use bibentry() instead. Flavors: r-devel-linux-x86_64-debian-clang, r-devel-linux-x86_64-debian-gcc

These binaries (installable software) and packages are in development.
They may not be fully stable and should be used with caution. We make no claims about them.