CRAN Package Check Results for Package seqICP

Last updated on 2025-11-11 15:50:47 CET.

Flavor Version Tinstall Tcheck Ttotal Status Flags
r-devel-linux-x86_64-debian-clang 1.1 2.74 39.66 42.40 NOTE
r-devel-linux-x86_64-debian-gcc 1.1 2.29 28.25 30.54 NOTE
r-devel-linux-x86_64-fedora-clang 1.1 65.80 OK
r-devel-linux-x86_64-fedora-gcc 1.1 63.09 OK
r-devel-windows-x86_64 1.1 4.00 53.00 57.00 OK
r-patched-linux-x86_64 1.1 2.36 37.46 39.82 OK
r-release-linux-x86_64 1.1 2.45 37.29 39.74 OK
r-release-macos-arm64 1.1 2.00 23.00 25.00 OK
r-release-macos-x86_64 1.1 3.00 35.00 38.00 OK
r-release-windows-x86_64 1.1 4.00 53.00 57.00 OK
r-oldrel-macos-arm64 1.1 2.00 20.00 22.00 NOTE
r-oldrel-macos-x86_64 1.1 2.00 30.00 32.00 NOTE
r-oldrel-windows-x86_64 1.1 5.00 65.00 70.00 NOTE

Check Details

Version: 1.1
Check: CRAN incoming feasibility
Result: NOTE Maintainer: ‘Niklas Pfister <pfister@stat.math.ethz.ch>’ No Authors@R field in DESCRIPTION. Please add one, modifying Authors@R: c(person(given = "Niklas", family = "Pfister", role = c("aut", "cre"), email = "pfister@stat.math.ethz.ch"), person(given = "Jonas", family = "Peters", role = "aut")) as necessary. Flavors: r-devel-linux-x86_64-debian-clang, r-devel-linux-x86_64-debian-gcc

Version: 1.1
Check: LazyData
Result: NOTE 'LazyData' is specified without a 'data' directory Flavors: r-oldrel-macos-arm64, r-oldrel-macos-x86_64, r-oldrel-windows-x86_64

These binaries (installable software) and packages are in development.
They may not be fully stable and should be used with caution. We make no claims about them.