CRAN Package Check Results for Package seqICP

Last updated on 2025-05-03 22:50:09 CEST.

Flavor Version Tinstall Tcheck Ttotal Status Flags
r-devel-linux-x86_64-debian-clang 1.1 2.16 39.15 41.31 NOTE
r-devel-linux-x86_64-debian-gcc 1.1 1.79 28.01 29.80 NOTE
r-devel-linux-x86_64-fedora-clang 1.1 66.45 OK
r-devel-linux-x86_64-fedora-gcc 1.1 66.22 OK
r-devel-windows-x86_64 1.1 5.00 66.00 71.00 OK
r-patched-linux-x86_64 1.1 1.93 36.45 38.38 OK
r-release-linux-x86_64 OK
r-release-macos-arm64 1.1 25.00 OK
r-release-macos-x86_64 1.1 38.00 OK
r-release-windows-x86_64 1.1 5.00 55.00 60.00 OK
r-oldrel-macos-arm64 1.1 22.00 NOTE
r-oldrel-macos-x86_64 1.1 32.00 NOTE
r-oldrel-windows-x86_64 1.1 5.00 60.00 65.00 NOTE

Check Details

Version: 1.1
Check: CRAN incoming feasibility
Result: NOTE Maintainer: ‘Niklas Pfister <pfister@stat.math.ethz.ch>’ No Authors@R field in DESCRIPTION. Please add one, modifying Authors@R: c(person(given = "Niklas", family = "Pfister", role = c("aut", "cre"), email = "pfister@stat.math.ethz.ch"), person(given = "Jonas", family = "Peters", role = "aut")) as necessary. Flavors: r-devel-linux-x86_64-debian-clang, r-devel-linux-x86_64-debian-gcc

Version: 1.1
Check: LazyData
Result: NOTE 'LazyData' is specified without a 'data' directory Flavors: r-oldrel-macos-arm64, r-oldrel-macos-x86_64, r-oldrel-windows-x86_64

These binaries (installable software) and packages are in development.
They may not be fully stable and should be used with caution. We make no claims about them.