Last updated on 2025-05-01 15:49:44 CEST.
Flavor | Version | Tinstall | Tcheck | Ttotal | Status | Flags |
---|---|---|---|---|---|---|
r-devel-linux-x86_64-debian-clang | 0.1.1 | 6.44 | 65.49 | 71.93 | NOTE | |
r-devel-linux-x86_64-debian-gcc | 0.1.1 | 5.33 | 49.41 | 54.74 | NOTE | |
r-devel-linux-x86_64-fedora-clang | 0.1.1 | 113.11 | OK | |||
r-devel-linux-x86_64-fedora-gcc | 0.1.1 | 120.98 | OK | |||
r-devel-windows-x86_64 | 0.1.1 | 9.00 | 83.00 | 92.00 | NOTE | |
r-patched-linux-x86_64 | 0.1.1 | 7.16 | 62.28 | 69.44 | NOTE | |
r-release-linux-x86_64 | NOTE | |||||
r-release-macos-arm64 | 0.1.1 | 52.00 | OK | |||
r-release-macos-x86_64 | 0.1.1 | 80.00 | OK | |||
r-release-windows-x86_64 | 0.1.1 | 9.00 | 83.00 | 92.00 | NOTE | |
r-oldrel-macos-arm64 | 0.1.1 | 41.00 | OK | |||
r-oldrel-macos-x86_64 | 0.1.1 | 62.00 | OK | |||
r-oldrel-windows-x86_64 | 0.1.1 | 10.00 | 94.00 | 104.00 | OK |
Version: 0.1.1
Check: CRAN incoming feasibility
Result: NOTE
Maintainer: ‘Nicolas Robette <nicolas.robette@uvsq.fr>’
No Authors@R field in DESCRIPTION.
Please add one, modifying
Authors@R: person(given = "Nicolas",
family = "Robette",
role = c("aut", "cre"),
email = "nicolas.robette@uvsq.fr")
as necessary.
Flavors: r-devel-linux-x86_64-debian-clang, r-devel-linux-x86_64-debian-gcc
Version: 0.1.1
Check: Rd cross-references
Result: NOTE
Found the following Rd file(s) with Rd \link{} targets missing package
anchors:
seq2qha.Rd: seqdef
seq_heatmap.Rd: seqdef, agnes, seqIplot
seqi1epi.Rd: seqdef, seqistatd
seqifpos.Rd: seqdef, seqistatd
seqinepi.Rd: seqdef, seqistatd
seqsmooth.Rd: seqdef
Please provide package anchors for all Rd \link{} targets not in the
package itself and the base packages.
Flavors: r-devel-linux-x86_64-debian-clang, r-devel-linux-x86_64-debian-gcc, r-devel-windows-x86_64, r-patched-linux-x86_64, r-release-linux-x86_64, r-release-windows-x86_64
These binaries (installable software) and packages are in development.
They may not be fully stable and should be used with caution. We make no claims about them.