CRAN Package Check Results for Package seqmagick

Last updated on 2025-05-01 15:49:44 CEST.

Flavor Version Tinstall Tcheck Ttotal Status Flags
r-devel-linux-x86_64-debian-clang 0.1.7 15.05 126.37 141.42 NOTE
r-devel-linux-x86_64-debian-gcc 0.1.7 10.40 91.23 101.63 NOTE
r-devel-linux-x86_64-fedora-clang 0.1.7 239.69 NOTE
r-devel-linux-x86_64-fedora-gcc 0.1.7 223.50 NOTE
r-devel-windows-x86_64 0.1.7 15.00 127.00 142.00 NOTE
r-patched-linux-x86_64 0.1.7 12.52 118.22 130.74 NOTE
r-release-linux-x86_64 NOTE
r-release-macos-arm64 0.1.7 72.00 NOTE
r-release-macos-x86_64 0.1.7 159.00 NOTE
r-release-windows-x86_64 0.1.7 14.00 131.00 145.00 NOTE
r-oldrel-macos-arm64 0.1.7 64.00 OK
r-oldrel-macos-x86_64 0.1.7 100.00 OK
r-oldrel-windows-x86_64 0.1.7 13.00 154.00 167.00 OK

Check Details

Version: 0.1.7
Check: DESCRIPTION meta-information
Result: NOTE Missing dependency on R >= 4.1.0 because package code uses the pipe |> or function shorthand \(...) syntax added in R 4.1.0. File(s) using such syntax: ‘consensus.R’ Flavors: r-devel-linux-x86_64-debian-clang, r-devel-linux-x86_64-debian-gcc, r-devel-linux-x86_64-fedora-clang, r-devel-linux-x86_64-fedora-gcc, r-devel-windows-x86_64, r-patched-linux-x86_64, r-release-linux-x86_64, r-release-macos-arm64, r-release-macos-x86_64, r-release-windows-x86_64

These binaries (installable software) and packages are in development.
They may not be fully stable and should be used with caution. We make no claims about them.