Last updated on 2025-11-11 15:50:47 CET.
| Flavor | Version | Tinstall | Tcheck | Ttotal | Status | Flags |
|---|---|---|---|---|---|---|
| r-devel-linux-x86_64-debian-clang | 0.1-0 | 5.83 | 33.16 | 38.99 | OK | |
| r-devel-linux-x86_64-debian-gcc | 0.1-0 | 3.73 | 24.59 | 28.32 | OK | |
| r-devel-linux-x86_64-fedora-clang | 0.1-0 | 12.00 | 46.29 | 58.29 | OK | |
| r-devel-linux-x86_64-fedora-gcc | 0.1-0 | 12.00 | 43.39 | 55.39 | OK | |
| r-devel-windows-x86_64 | 0.1-0 | 6.00 | 45.00 | 51.00 | OK | |
| r-patched-linux-x86_64 | 0.1-0 | 6.25 | 31.35 | 37.60 | OK | |
| r-release-linux-x86_64 | 0.1-0 | 5.07 | 30.92 | 35.99 | OK | |
| r-release-macos-arm64 | 0.1-0 | 2.00 | 20.00 | 22.00 | OK | |
| r-release-macos-x86_64 | 0.1-0 | 7.00 | 36.00 | 43.00 | OK | |
| r-release-windows-x86_64 | 0.1-0 | 5.00 | 45.00 | 50.00 | OK | |
| r-oldrel-macos-arm64 | 0.1-0 | 2.00 | 18.00 | 20.00 | NOTE | |
| r-oldrel-macos-x86_64 | 0.1-0 | 6.00 | 27.00 | 33.00 | NOTE | |
| r-oldrel-windows-x86_64 | 0.1-0 | 6.00 | 46.00 | 52.00 | NOTE |
Version: 0.1-0
Check: LazyData
Result: NOTE
'LazyData' is specified without a 'data' directory
Flavors: r-oldrel-macos-arm64, r-oldrel-macos-x86_64, r-oldrel-windows-x86_64
These binaries (installable software) and packages are in development.
They may not be fully stable and should be used with caution. We make no claims about them.