Last updated on 2025-11-11 17:50:13 CET.
| Flavor | Version | Tinstall | Tcheck | Ttotal | Status | Flags |
|---|---|---|---|---|---|---|
| r-devel-linux-x86_64-debian-clang | 0.3.5 | 45.90 | 390.93 | 436.83 | OK | |
| r-devel-linux-x86_64-debian-gcc | 0.3.5 | 37.35 | 390.00 | 427.35 | OK | |
| r-devel-linux-x86_64-fedora-clang | 0.3.5 | 111.00 | 655.66 | 766.66 | OK | |
| r-devel-linux-x86_64-fedora-gcc | 0.3.5 | 103.00 | 792.07 | 895.07 | OK | |
| r-devel-windows-x86_64 | 0.3.5 | 72.00 | 340.00 | 412.00 | OK | |
| r-patched-linux-x86_64 | 0.3.5 | 50.80 | 546.68 | 597.48 | OK | |
| r-release-linux-x86_64 | 0.3.5 | 50.59 | 565.44 | 616.03 | OK | |
| r-release-macos-arm64 | 0.3.5 | 23.00 | 126.00 | 149.00 | OK | |
| r-release-macos-x86_64 | 0.3.5 | 27.00 | 217.00 | 244.00 | OK | |
| r-release-windows-x86_64 | 0.3.5 | 69.00 | 316.00 | 385.00 | OK | |
| r-oldrel-macos-arm64 | 0.3.5 | 21.00 | 283.00 | 304.00 | NOTE | |
| r-oldrel-macos-x86_64 | 0.3.5 | 25.00 | 226.00 | 251.00 | NOTE | |
| r-oldrel-windows-x86_64 | 0.3.5 | 81.00 | 409.00 | 490.00 | NOTE |
Version: 0.3.5
Check: installed package size
Result: NOTE
installed size is 6.0Mb
sub-directories of 1Mb or more:
data 1.1Mb
libs 4.4Mb
Flavors: r-oldrel-macos-arm64, r-oldrel-macos-x86_64
Version: 0.3.5
Check: for GNU extensions in Makefiles
Result: NOTE
GNU make is a SystemRequirements.
Flavors: r-oldrel-macos-arm64, r-oldrel-macos-x86_64, r-oldrel-windows-x86_64
Version: 0.3.5
Check: package dependencies
Result: NOTE
Package suggested but not available for checking: ‘pwalign’
Flavor: r-oldrel-macos-x86_64
These binaries (installable software) and packages are in development.
They may not be fully stable and should be used with caution. We make no claims about them.