Last updated on 2025-10-03 13:49:47 CEST.
Flavor | Version | Tinstall | Tcheck | Ttotal | Status | Flags |
---|---|---|---|---|---|---|
r-devel-linux-x86_64-debian-clang | 0.2.9 | 44.55 | 338.50 | 383.05 | OK | |
r-devel-linux-x86_64-debian-gcc | 0.2.9 | 32.91 | 421.10 | 454.01 | OK | |
r-devel-linux-x86_64-fedora-clang | 0.2.9 | 630.06 | OK | |||
r-devel-linux-x86_64-fedora-gcc | 0.2.9 | 980.47 | OK | |||
r-devel-windows-x86_64 | 0.2.9 | 66.00 | 296.00 | 362.00 | OK | |
r-patched-linux-x86_64 | 0.2.9 | 46.74 | 628.40 | 675.14 | OK | |
r-release-linux-x86_64 | 0.2.9 | 46.45 | 636.79 | 683.24 | OK | |
r-release-macos-arm64 | 0.2.9 | 214.00 | OK | |||
r-release-macos-x86_64 | 0.2.9 | 344.00 | OK | |||
r-release-windows-x86_64 | 0.2.9 | 66.00 | 274.00 | 340.00 | OK | |
r-oldrel-macos-arm64 | 0.2.9 | 377.00 | NOTE | |||
r-oldrel-macos-x86_64 | 0.2.9 | 513.00 | NOTE | |||
r-oldrel-windows-x86_64 | 0.2.9 | 75.00 | 724.00 | 799.00 | NOTE |
Version: 0.2.9
Check: installed package size
Result: NOTE
installed size is 5.9Mb
sub-directories of 1Mb or more:
data 1.1Mb
libs 4.3Mb
Flavors: r-oldrel-macos-arm64, r-oldrel-macos-x86_64
Version: 0.2.9
Check: for GNU extensions in Makefiles
Result: NOTE
GNU make is a SystemRequirements.
Flavors: r-oldrel-macos-arm64, r-oldrel-macos-x86_64, r-oldrel-windows-x86_64
Version: 0.2.9
Check: package dependencies
Result: NOTE
Package suggested but not available for checking: ‘pwalign’
Flavor: r-oldrel-macos-x86_64
These binaries (installable software) and packages are in development.
They may not be fully stable and should be used with caution. We make no claims about them.