Last updated on 2025-10-23 15:50:11 CEST.
Flavor | Version | Tinstall | Tcheck | Ttotal | Status | Flags |
---|---|---|---|---|---|---|
r-devel-linux-x86_64-debian-clang | 1.0.3 | 743.07 | 206.30 | 949.37 | NOTE | |
r-devel-linux-x86_64-debian-gcc | 1.0.3 | 696.10 | 203.09 | 899.19 | OK | |
r-devel-linux-x86_64-fedora-clang | 1.0.3 | 468.00 | 972.98 | 1440.98 | OK | |
r-devel-linux-x86_64-fedora-gcc | 1.0.3 | 660.00 | 1424.17 | 2084.17 | OK | |
r-devel-windows-x86_64 | 1.0.3 | 869.00 | 296.00 | 1165.00 | OK | |
r-patched-linux-x86_64 | 1.0.3 | 905.55 | 275.50 | 1181.05 | OK | |
r-release-linux-x86_64 | 1.0.3 | 894.75 | 277.31 | 1172.06 | OK | |
r-release-macos-arm64 | 1.0.3 | 378.00 | 125.00 | 503.00 | OK | |
r-release-macos-x86_64 | 1.0.3 | 231.00 | 115.00 | 346.00 | OK | |
r-release-windows-x86_64 | 1.0.3 | 862.00 | 286.00 | 1148.00 | OK | |
r-oldrel-macos-arm64 | 1.0.3 | 217.00 | 72.00 | 289.00 | NOTE | |
r-oldrel-macos-x86_64 | 1.0.3 | 230.00 | 121.00 | 351.00 | NOTE | |
r-oldrel-windows-x86_64 | 1.0.3 | 966.00 | 366.00 | 1332.00 | NOTE |
Version: 1.0.3
Check: HTML version of manual
Result: NOTE
Found the following HTML validation problems:
get_seroprev_counts_by_bin.html:77:1 (get_seroprev_counts_by_bin.Rd:30): Warning: missing </ul> before </div>
Flavor: r-devel-linux-x86_64-debian-clang
Version: 1.0.3
Check: installed package size
Result: NOTE
installed size is 107.7Mb
sub-directories of 1Mb or more:
libs 106.4Mb
Flavors: r-oldrel-macos-arm64, r-oldrel-macos-x86_64, r-oldrel-windows-x86_64
Version: 1.0.3
Check: for GNU extensions in Makefiles
Result: NOTE
GNU make is a SystemRequirements.
Flavors: r-oldrel-macos-arm64, r-oldrel-macos-x86_64, r-oldrel-windows-x86_64
These binaries (installable software) and packages are in development.
They may not be fully stable and should be used with caution. We make no claims about them.