Last updated on 2025-07-26 07:50:34 CEST.
Flavor | Version | Tinstall | Tcheck | Ttotal | Status | Flags |
---|---|---|---|---|---|---|
r-devel-linux-x86_64-debian-clang | 0.4.0 | 33.27 | 172.69 | 205.96 | OK | |
r-devel-linux-x86_64-debian-gcc | 0.4.0 | 23.60 | 126.54 | 150.14 | OK | |
r-devel-linux-x86_64-fedora-clang | 0.4.0 | 337.70 | OK | |||
r-devel-linux-x86_64-fedora-gcc | 0.4.0 | 326.72 | OK | |||
r-devel-windows-x86_64 | 0.4.0 | 33.00 | 184.00 | 217.00 | OK | |
r-patched-linux-x86_64 | 0.4.0 | 38.75 | 160.77 | 199.52 | OK | |
r-release-linux-x86_64 | 0.4.0 | 31.87 | 155.82 | 187.69 | OK | |
r-release-macos-arm64 | 0.4.0 | 103.00 | OK | |||
r-release-macos-x86_64 | 0.4.0 | 264.00 | OK | |||
r-release-windows-x86_64 | 0.4.0 | 35.00 | 186.00 | 221.00 | OK | |
r-oldrel-macos-arm64 | 0.4.0 | 98.00 | NOTE | |||
r-oldrel-macos-x86_64 | 0.4.0 | 328.00 | NOTE | |||
r-oldrel-windows-x86_64 | 0.4.0 | 49.00 | 238.00 | 287.00 | NOTE |
Version: 0.4.0
Check: installed package size
Result: NOTE
installed size is 9.1Mb
sub-directories of 1Mb or more:
R 2.0Mb
doc 6.4Mb
Flavors: r-oldrel-macos-arm64, r-oldrel-macos-x86_64, r-oldrel-windows-x86_64
These binaries (installable software) and packages are in development.
They may not be fully stable and should be used with caution. We make no claims about them.