Last updated on 2025-11-11 15:50:47 CET.
| Flavor | Version | Tinstall | Tcheck | Ttotal | Status | Flags |
|---|---|---|---|---|---|---|
| r-devel-linux-x86_64-debian-clang | 0.4.0 | 39.32 | 176.24 | 215.56 | OK | |
| r-devel-linux-x86_64-debian-gcc | 0.4.0 | 25.91 | 124.80 | 150.71 | OK | |
| r-devel-linux-x86_64-fedora-clang | 0.4.0 | 269.00 | 91.66 | 360.66 | OK | |
| r-devel-linux-x86_64-fedora-gcc | 0.4.0 | 85.00 | 245.22 | 330.22 | OK | |
| r-devel-windows-x86_64 | 0.4.0 | 36.00 | 184.00 | 220.00 | OK | |
| r-patched-linux-x86_64 | 0.4.0 | 40.14 | 165.57 | 205.71 | OK | |
| r-release-linux-x86_64 | 0.4.0 | 35.15 | 165.01 | 200.16 | OK | |
| r-release-macos-arm64 | 0.4.0 | 15.00 | 88.00 | 103.00 | OK | |
| r-release-macos-x86_64 | 0.4.0 | 58.00 | 206.00 | 264.00 | OK | |
| r-release-windows-x86_64 | 0.4.0 | 33.00 | 188.00 | 221.00 | OK | |
| r-oldrel-macos-arm64 | 0.4.0 | 14.00 | 84.00 | 98.00 | NOTE | |
| r-oldrel-macos-x86_64 | 0.4.0 | 68.00 | 260.00 | 328.00 | NOTE | |
| r-oldrel-windows-x86_64 | 0.4.0 | 51.00 | 240.00 | 291.00 | NOTE |
Version: 0.4.0
Check: installed package size
Result: NOTE
installed size is 9.1Mb
sub-directories of 1Mb or more:
R 2.0Mb
doc 6.4Mb
Flavors: r-oldrel-macos-arm64, r-oldrel-macos-x86_64, r-oldrel-windows-x86_64
These binaries (installable software) and packages are in development.
They may not be fully stable and should be used with caution. We make no claims about them.