Last updated on 2025-02-19 17:51:04 CET.
Flavor | Version | Tinstall | Tcheck | Ttotal | Status | Flags |
---|---|---|---|---|---|---|
r-devel-linux-x86_64-debian-clang | 1.0-19 | 137.13 | 324.24 | 461.37 | NOTE | |
r-devel-linux-x86_64-debian-gcc | 1.0-19 | 104.73 | 219.35 | 324.08 | NOTE | |
r-devel-linux-x86_64-fedora-clang | 1.0-19 | 791.52 | NOTE | |||
r-devel-linux-x86_64-fedora-gcc | 1.0-19 | 881.28 | NOTE | |||
r-devel-macos-arm64 | 1.0-19 | 233.00 | NOTE | |||
r-devel-macos-x86_64 | 1.0-19 | 464.00 | NOTE | |||
r-devel-windows-x86_64 | 1.0-19 | 168.00 | 790.00 | 958.00 | OK | |
r-patched-linux-x86_64 | 1.0-19 | 154.24 | 299.40 | 453.64 | OK | |
r-release-linux-x86_64 | 1.0-19 | 149.09 | 303.87 | 452.96 | OK | |
r-release-macos-arm64 | 1.0-19 | 247.00 | NOTE | |||
r-release-macos-x86_64 | 1.0-19 | 330.00 | NOTE | |||
r-release-windows-x86_64 | 1.0-19 | 169.00 | 774.00 | 943.00 | NOTE | |
r-oldrel-macos-arm64 | 1.0-19 | 233.00 | NOTE | |||
r-oldrel-macos-x86_64 | 1.0-19 | 328.00 | NOTE | |||
r-oldrel-windows-x86_64 | 1.0-19 | 212.00 | 956.00 | 1168.00 | NOTE |
Version: 1.0-19
Check: top-level files
Result: NOTE
possible bashism in configure.ac line 25 (test -a/-o):
if test [$RVER_MAJOR -lt 3] -o [$RVER_MAJOR -eq 3 -a $RVER_MINOR -lt 3]; then
possible bashism in configure.ac line 120 (test -a/-o):
if test [${GDAL_MAJ_VER} -eq 3] -a [${GDAL_MIN_VER} -eq 6] -a [${GDAL_PATCH_VER} -eq 0] ; then
Flavors: r-devel-linux-x86_64-debian-clang, r-devel-linux-x86_64-debian-gcc, r-devel-linux-x86_64-fedora-clang, r-devel-linux-x86_64-fedora-gcc
Version: 1.0-19
Check: for unstated dependencies in ‘demo’
Result: NOTE
'::' or ':::' import not declared from: ‘wkb’
'library' or 'require' calls not declared from:
‘RgoogleMaps’ ‘animation’ ‘cshapes’ ‘ggmap’
Flavors: r-devel-linux-x86_64-debian-clang, r-devel-linux-x86_64-debian-gcc
Version: 1.0-19
Check: tests
Result: NOTE
Running ‘aggregate.R’
Comparing ‘aggregate.Rout’ to ‘aggregate.Rout.save’ ... OK
Running ‘cast.R’
Comparing ‘cast.Rout’ to ‘cast.Rout.save’ ... OK
Running ‘crs.R’
Comparing ‘crs.Rout’ to ‘crs.Rout.save’ ... OK
Running ‘dist.R’
Comparing ‘dist.Rout’ to ‘dist.Rout.save’ ... OK
Running ‘dplyr.R’
Comparing ‘dplyr.Rout’ to ‘dplyr.Rout.save’ ... OK
Running ‘empty.R’
Comparing ‘empty.Rout’ to ‘empty.Rout.save’ ... OK
Running ‘full.R’
Comparing ‘full.Rout’ to ‘full.Rout.save’ ...54c54
< Geodetic CRS: WGS 84
---
> Geodetic CRS: WGS 84 (CRS84)
63c63
< Geodetic CRS: WGS 84
---
> Geodetic CRS: WGS 84 (CRS84)
80c80
< Geodetic CRS: WGS 84
---
> Geodetic CRS: WGS 84 (CRS84)
89c89
< Geodetic CRS: WGS 84
---
> Geodetic CRS: WGS 84 (CRS84)
102c102
< Geodetic CRS: WGS 84
---
> Geodetic CRS: WGS 84 (CRS84)
Running ‘gdal_geom.R’
Comparing ‘gdal_geom.Rout’ to ‘gdal_geom.Rout.save’ ...243,247c243,247
< [1,] 1760242094 0.114
< [2,] 946426033 0.061
< [3,] 2202239126 0.143
< [4,] 1074338664 0.070
< [5,] 2352518951 0.153
---
> [1,] 1760230516 0.114
> [2,] 946417787 0.061
> [3,] 2202223078 0.143
> [4,] 1074332698 0.070
> [5,] 2352528086 0.153
Running ‘geos.R’ [53s/128s]
Comparing ‘geos.Rout’ to ‘geos.Rout.save’ ...13,22c13,22
< [1,] 0.00 0.00 25652.42 440561.04 299772.09 361529.39 419671.11
< [2,] 0.00 0.00 0.00 409428.55 268944.32 332589.77 388544.57
< [3,] 25652.42 0.00 0.00 367555.46 227017.50 290297.11 346667.96
< [4,] 440561.04 409428.55 367555.46 0.00 67226.88 45537.78 0.00
< [5,] 299772.09 268944.32 227017.50 67226.88 0.00 0.00 46527.48
< [6,] 361529.39 332589.77 290297.11 45537.78 0.00 0.00 30213.34
< [7,] 419671.11 388544.57 346667.96 0.00 46527.48 30213.34 0.00
< [8,] 384592.69 354294.05 312350.59 16130.19 11926.78 0.00 0.00
< [9,] 262354.14 231217.46 189310.29 140455.85 0.00 64606.20 119563.76
< [10,] 71139.12 41943.86 0.00 330751.41 190182.42 252372.08 309862.03
---
> [1,] 0.00 0.00 25651.99 440561.48 299772.34 361529.73 419671.66
> [2,] 0.00 0.00 0.00 409429.44 268945.05 332590.52 388545.58
> [3,] 25651.99 0.00 0.00 367556.52 227018.38 290298.04 346669.14
> [4,] 440561.48 409429.44 367556.52 0.00 67226.86 45537.62 0.00
> [5,] 299772.34 268945.05 227018.38 67226.86 0.00 0.00 46527.56
> [6,] 361529.73 332590.52 290298.04 45537.62 0.00 0.00 30213.17
> [7,] 419671.66 388545.58 346669.14 0.00 46527.56 30213.17 0.00
> [8,] 384593.29 354295.06 312351.76 16130.19 11926.86 0.00 0.00
> [9,] 262353.97 231217.73 189310.73 140455.97 0.00 64606.27 119564.00
> [10,] 71138.53 41943.71 0.00 330752.58 190183.42 252373.26 309863.33
24,33c24,33
< [1,] 384592.69 262354.14 71139.12
< [2,] 354294.05 231217.46 41943.86
< [3,] 312350.59 189310.29 0.00
< [4,] 16130.19 140455.85 330751.41
< [5,] 11926.78 0.00 190182.42
< [6,] 0.00 64606.20 252372.08
< [7,] 0.00 119563.76 309862.03
< [8,] 0.00 85533.06 275389.73
< [9,] 85533.06 0.00 152488.90
< [10,] 275389.73 152488.90 0.00
---
> [1,] 384593.29 262353.97 71138.53
> [2,] 354295.06 231217.73 41943.71
> [3,] 312351.76 189310.73 0.00
> [4,] 16130.19 140455.97 330752.58
> [5,] 11926.86 0.00 190183.42
> [6,] 0.00 64606.27 252373.26
> [7,] 0.00 119564.00 309863.33
> [8,] 0.00 85533.33 275391.07
> [9,] 85533.33 0.00 152489.45
> [10,] 275391.07 152489.45 0.00
Running ‘graticule.R’ [6s/17s]
Comparing ‘graticule.Rout’ to ‘graticule.Rout.save’ ... OK
Running ‘grid.R’
Comparing ‘grid.Rout’ to ‘grid.Rout.save’ ... OK
Running ‘maps.R’ [4s/10s]
Comparing ‘maps.Rout’ to ‘maps.Rout.save’ ... OK
Running ‘plot.R’ [16s/43s]
Comparing ‘plot.Rout’ to ‘plot.Rout.save’ ... OK
Running ‘read.R’ [5s/17s]
Comparing ‘read.Rout’ to ‘read.Rout.save’ ...274a275,279
> Warning messages:
> 1: In CPL_read_ogr(dsn, layer, query, as.character(options), quiet, :
> GDAL Message 1: Field with same name (identifier) already exists in (PointTimeSeriesObservation). Skipping newer ones
> 2: In CPL_read_ogr(dsn, layer, query, as.character(options), quiet, :
> GDAL Message 1: Field with same name (name) already exists in (PointTimeSeriesObservation). Skipping newer ones
Running ‘roundtrip.R’ [4s/10s]
Comparing ‘roundtrip.Rout’ to ‘roundtrip.Rout.save’ ... OK
Running ‘s2.R’
Comparing ‘s2.Rout’ to ‘s2.Rout.save’ ... OK
Running ‘sample.R’
Comparing ‘sample.Rout’ to ‘sample.Rout.save’ ... OK
Running ‘sfc.R’ [28s/73s]
Comparing ‘sfc.Rout’ to ‘sfc.Rout.save’ ...614c614
< Bounding box: xmin: 406261.8 ymin: 48374.95 xmax: 3052888 ymax: 1044157
---
> Bounding box: xmin: 406265 ymin: 48359.7 xmax: 3052877 ymax: 1044143
629,633c629,633
< 1 10 1364 0 19 A 4 #fb80724d MULTIPOLYGON (((1270815 913...
< 2 10 542 3 12 A 4 #fb80724d MULTIPOLYGON (((1340555 959...
< 3 208 3616 6 260 A 5 #80b1d34d MULTIPOLYGON (((1570591 910...
< 4 123 830 2 145 A 10 #bc80bd4d MULTIPOLYGON (((2881208 948...
< 5 1066 1606 3 1197 A 8 #fccde54d MULTIPOLYGON (((2525701 911...
---
> 1 10 1364 0 19 A 4 #fb80724d MULTIPOLYGON (((1270813 913...
> 2 10 542 3 12 A 4 #fb80724d MULTIPOLYGON (((1340553 959...
> 3 208 3616 6 260 A 5 #80b1d34d MULTIPOLYGON (((1570586 910...
> 4 123 830 2 145 A 10 #bc80bd4d MULTIPOLYGON (((2881206 948...
> 5 1066 1606 3 1197 A 8 #fccde54d MULTIPOLYGON (((2525700 911...
635,638c635,638
< 7 115 350 2 139 A 10 #bc80bd4d MULTIPOLYGON (((2881208 948...
< 8 254 594 2 371 A 9 #d9d9d94d MULTIPOLYGON (((2717989 951...
< 9 748 1190 2 844 A 8 #fccde54d MULTIPOLYGON (((2203890 914...
< 10 160 2038 5 176 A 5 #80b1d34d MULTIPOLYGON (((1697623 911...
---
> 7 115 350 2 139 A 10 #bc80bd4d MULTIPOLYGON (((2881206 948...
> 8 254 594 2 371 A 9 #d9d9d94d MULTIPOLYGON (((2717988 951...
> 9 748 1190 2 844 A 8 #fccde54d MULTIPOLYGON (((2203888 914...
> 10 160 2038 5 176 A 5 #80b1d34d MULTIPOLYGON (((1697618 911...
721c721
< Bounding box: xmin: 1216510 ymin: 935867 xmax: 1428880 ymax: 1031510
---
> Bounding box: xmin: 1216510 ymin: 935852 xmax: 1428880 ymax: 1031490
724,728c724,728
< POINT (1264559 935867)
< POINT (1256623 949384)
< POINT (1222665 972639)
< POINT (1333530 968278)
< POINT (1310838 958645)
---
> POINT (1264558 935852)
> POINT (1256623 949369)
> POINT (1222665 972624)
> POINT (1333528 968263)
> POINT (1310837 958630)
738c738
< Bounding box: xmin: -81.6893 ymin: 36.2492 xmax: -80.914 ymax: 36.5726
---
> Bounding box: xmin: -81.6893 ymin: 36.2491 xmax: -80.914 ymax: 36.5726
Running ‘sfg.R’
Comparing ‘sfg.Rout’ to ‘sfg.Rout.save’ ... OK
Running ‘spatstat.R’ [8s/25s]
Comparing ‘spatstat.Rout’ to ‘spatstat.Rout.save’ ... OK
Running ‘stars.R’ [9s/25s]
Comparing ‘stars.Rout’ to ‘stars.Rout.save’ ...107c107
< Geodetic CRS: WGS 84
---
> Geodetic CRS: WGS 84 (CRS84)
118c118
< Geodetic CRS: WGS 84
---
> Geodetic CRS: WGS 84 (CRS84)
Running ‘testthat.R’ [38s/78s]
Running ‘units.R’
Comparing ‘units.Rout’ to ‘units.Rout.save’ ... OK
Running ‘wkb.R’
Comparing ‘wkb.Rout’ to ‘wkb.Rout.save’ ... OK
Flavor: r-devel-linux-x86_64-fedora-clang
Version: 1.0-19
Check: tests
Result: NOTE
Running ‘aggregate.R’
Comparing ‘aggregate.Rout’ to ‘aggregate.Rout.save’ ... OK
Running ‘cast.R’
Comparing ‘cast.Rout’ to ‘cast.Rout.save’ ... OK
Running ‘crs.R’
Comparing ‘crs.Rout’ to ‘crs.Rout.save’ ... OK
Running ‘dist.R’
Comparing ‘dist.Rout’ to ‘dist.Rout.save’ ... OK
Running ‘dplyr.R’ [7s/13s]
Comparing ‘dplyr.Rout’ to ‘dplyr.Rout.save’ ... OK
Running ‘empty.R’
Comparing ‘empty.Rout’ to ‘empty.Rout.save’ ... OK
Running ‘full.R’
Comparing ‘full.Rout’ to ‘full.Rout.save’ ... OK
Running ‘gdal_geom.R’ [4s/11s]
Comparing ‘gdal_geom.Rout’ to ‘gdal_geom.Rout.save’ ...243,247c243,247
< [1,] 1760242094 0.114
< [2,] 946426033 0.061
< [3,] 2202239126 0.143
< [4,] 1074338664 0.070
< [5,] 2352518951 0.153
---
> [1,] 1760230516 0.114
> [2,] 946417787 0.061
> [3,] 2202223078 0.143
> [4,] 1074332698 0.070
> [5,] 2352528086 0.153
Running ‘geos.R’ [56s/124s]
Comparing ‘geos.Rout’ to ‘geos.Rout.save’ ...13,22c13,22
< [1,] 0.00 0.00 25652.42 440561.04 299772.09 361529.39 419671.11
< [2,] 0.00 0.00 0.00 409428.55 268944.32 332589.77 388544.57
< [3,] 25652.42 0.00 0.00 367555.46 227017.50 290297.11 346667.96
< [4,] 440561.04 409428.55 367555.46 0.00 67226.88 45537.78 0.00
< [5,] 299772.09 268944.32 227017.50 67226.88 0.00 0.00 46527.48
< [6,] 361529.39 332589.77 290297.11 45537.78 0.00 0.00 30213.34
< [7,] 419671.11 388544.57 346667.96 0.00 46527.48 30213.34 0.00
< [8,] 384592.69 354294.05 312350.59 16130.19 11926.78 0.00 0.00
< [9,] 262354.14 231217.46 189310.29 140455.85 0.00 64606.20 119563.76
< [10,] 71139.12 41943.86 0.00 330751.41 190182.42 252372.08 309862.03
---
> [1,] 0.00 0.00 25651.99 440561.48 299772.34 361529.73 419671.66
> [2,] 0.00 0.00 0.00 409429.44 268945.05 332590.52 388545.58
> [3,] 25651.99 0.00 0.00 367556.52 227018.38 290298.04 346669.14
> [4,] 440561.48 409429.44 367556.52 0.00 67226.86 45537.62 0.00
> [5,] 299772.34 268945.05 227018.38 67226.86 0.00 0.00 46527.56
> [6,] 361529.73 332590.52 290298.04 45537.62 0.00 0.00 30213.17
> [7,] 419671.66 388545.58 346669.14 0.00 46527.56 30213.17 0.00
> [8,] 384593.29 354295.06 312351.76 16130.19 11926.86 0.00 0.00
> [9,] 262353.97 231217.73 189310.73 140455.97 0.00 64606.27 119564.00
> [10,] 71138.53 41943.71 0.00 330752.58 190183.42 252373.26 309863.33
24,33c24,33
< [1,] 384592.69 262354.14 71139.12
< [2,] 354294.05 231217.46 41943.86
< [3,] 312350.59 189310.29 0.00
< [4,] 16130.19 140455.85 330751.41
< [5,] 11926.78 0.00 190182.42
< [6,] 0.00 64606.20 252372.08
< [7,] 0.00 119563.76 309862.03
< [8,] 0.00 85533.06 275389.73
< [9,] 85533.06 0.00 152488.90
< [10,] 275389.73 152488.90 0.00
---
> [1,] 384593.29 262353.97 71138.53
> [2,] 354295.06 231217.73 41943.71
> [3,] 312351.76 189310.73 0.00
> [4,] 16130.19 140455.97 330752.58
> [5,] 11926.86 0.00 190183.42
> [6,] 0.00 64606.27 252373.26
> [7,] 0.00 119564.00 309863.33
> [8,] 0.00 85533.33 275391.07
> [9,] 85533.33 0.00 152489.45
> [10,] 275391.07 152489.45 0.00
Running ‘graticule.R’ [6s/13s]
Comparing ‘graticule.Rout’ to ‘graticule.Rout.save’ ... OK
Running ‘grid.R’
Comparing ‘grid.Rout’ to ‘grid.Rout.save’ ... OK
Running ‘maps.R’
Comparing ‘maps.Rout’ to ‘maps.Rout.save’ ... OK
Running ‘plot.R’ [15s/31s]
Comparing ‘plot.Rout’ to ‘plot.Rout.save’ ... OK
Running ‘read.R’ [5s/11s]
Comparing ‘read.Rout’ to ‘read.Rout.save’ ... OK
Running ‘roundtrip.R’
Comparing ‘roundtrip.Rout’ to ‘roundtrip.Rout.save’ ... OK
Running ‘s2.R’
Comparing ‘s2.Rout’ to ‘s2.Rout.save’ ... OK
Running ‘sample.R’
Comparing ‘sample.Rout’ to ‘sample.Rout.save’ ... OK
Running ‘sfc.R’ [25s/42s]
Comparing ‘sfc.Rout’ to ‘sfc.Rout.save’ ...614c614
< Bounding box: xmin: 406261.8 ymin: 48374.95 xmax: 3052888 ymax: 1044157
---
> Bounding box: xmin: 406265 ymin: 48359.7 xmax: 3052877 ymax: 1044143
629,633c629,633
< 1 10 1364 0 19 A 4 #fb80724d MULTIPOLYGON (((1270815 913...
< 2 10 542 3 12 A 4 #fb80724d MULTIPOLYGON (((1340555 959...
< 3 208 3616 6 260 A 5 #80b1d34d MULTIPOLYGON (((1570591 910...
< 4 123 830 2 145 A 10 #bc80bd4d MULTIPOLYGON (((2881208 948...
< 5 1066 1606 3 1197 A 8 #fccde54d MULTIPOLYGON (((2525701 911...
---
> 1 10 1364 0 19 A 4 #fb80724d MULTIPOLYGON (((1270813 913...
> 2 10 542 3 12 A 4 #fb80724d MULTIPOLYGON (((1340553 959...
> 3 208 3616 6 260 A 5 #80b1d34d MULTIPOLYGON (((1570586 910...
> 4 123 830 2 145 A 10 #bc80bd4d MULTIPOLYGON (((2881206 948...
> 5 1066 1606 3 1197 A 8 #fccde54d MULTIPOLYGON (((2525700 911...
635,638c635,638
< 7 115 350 2 139 A 10 #bc80bd4d MULTIPOLYGON (((2881208 948...
< 8 254 594 2 371 A 9 #d9d9d94d MULTIPOLYGON (((2717989 951...
< 9 748 1190 2 844 A 8 #fccde54d MULTIPOLYGON (((2203890 914...
< 10 160 2038 5 176 A 5 #80b1d34d MULTIPOLYGON (((1697623 911...
---
> 7 115 350 2 139 A 10 #bc80bd4d MULTIPOLYGON (((2881206 948...
> 8 254 594 2 371 A 9 #d9d9d94d MULTIPOLYGON (((2717988 951...
> 9 748 1190 2 844 A 8 #fccde54d MULTIPOLYGON (((2203888 914...
> 10 160 2038 5 176 A 5 #80b1d34d MULTIPOLYGON (((1697618 911...
721c721
< Bounding box: xmin: 1216510 ymin: 935867 xmax: 1428880 ymax: 1031510
---
> Bounding box: xmin: 1216510 ymin: 935852 xmax: 1428880 ymax: 1031490
724,728c724,728
< POINT (1264559 935867)
< POINT (1256623 949384)
< POINT (1222665 972639)
< POINT (1333530 968278)
< POINT (1310838 958645)
---
> POINT (1264558 935852)
> POINT (1256623 949369)
> POINT (1222665 972624)
> POINT (1333528 968263)
> POINT (1310837 958630)
738c738
< Bounding box: xmin: -81.6893 ymin: 36.2492 xmax: -80.914 ymax: 36.5726
---
> Bounding box: xmin: -81.6893 ymin: 36.2491 xmax: -80.914 ymax: 36.5726
Running ‘sfg.R’
Comparing ‘sfg.Rout’ to ‘sfg.Rout.save’ ... OK
Running ‘spatstat.R’ [8s/26s]
Comparing ‘spatstat.Rout’ to ‘spatstat.Rout.save’ ... OK
Running ‘stars.R’ [9s/14s]
Comparing ‘stars.Rout’ to ‘stars.Rout.save’ ... OK
Running ‘testthat.R’ [40s/85s]
Running ‘units.R’
Comparing ‘units.Rout’ to ‘units.Rout.save’ ... OK
Running ‘wkb.R’
Comparing ‘wkb.Rout’ to ‘wkb.Rout.save’ ... OK
Flavor: r-devel-linux-x86_64-fedora-gcc
Version: 1.0-19
Check: tests
Result: NOTE
Running ‘aggregate.R’ [1s/1s]
Comparing ‘aggregate.Rout’ to ‘aggregate.Rout.save’ ... OK
Running ‘cast.R’ [1s/1s]
Comparing ‘cast.Rout’ to ‘cast.Rout.save’ ... OK
Running ‘crs.R’ [1s/1s]
Comparing ‘crs.Rout’ to ‘crs.Rout.save’ ... OK
Running ‘dist.R’ [1s/1s]
Comparing ‘dist.Rout’ to ‘dist.Rout.save’ ... OK
Running ‘dplyr.R’ [2s/2s]
Comparing ‘dplyr.Rout’ to ‘dplyr.Rout.save’ ... OK
Running ‘empty.R’ [0s/1s]
Comparing ‘empty.Rout’ to ‘empty.Rout.save’ ... OK
Running ‘full.R’ [1s/1s]
Comparing ‘full.Rout’ to ‘full.Rout.save’ ...47c47
< IllegalArgumentException: Invalid number of points in LinearRing found 2 - must be 0 or >= 4
---
> IllegalArgumentException: Invalid number of points in LinearRing found 2 - must be 0 or >= 3
54c54
< Geodetic CRS: WGS 84
---
> Geodetic CRS: WGS 84 (CRS84)
63c63
< Geodetic CRS: WGS 84
---
> Geodetic CRS: WGS 84 (CRS84)
80c80
< Geodetic CRS: WGS 84
---
> Geodetic CRS: WGS 84 (CRS84)
89c89
< Geodetic CRS: WGS 84
---
> Geodetic CRS: WGS 84 (CRS84)
102c102
< Geodetic CRS: WGS 84
---
> Geodetic CRS: WGS 84 (CRS84)
Running ‘gdal_geom.R’ [1s/1s]
Comparing ‘gdal_geom.Rout’ to ‘gdal_geom.Rout.save’ ... OK
Running ‘geos.R’ [10s/11s]
Comparing ‘geos.Rout’ to ‘geos.Rout.save’ ... OK
Running ‘graticule.R’ [1s/2s]
Comparing ‘graticule.Rout’ to ‘graticule.Rout.save’ ... OK
Running ‘grid.R’ [1s/1s]
Comparing ‘grid.Rout’ to ‘grid.Rout.save’ ... OK
Running ‘maps.R’ [1s/1s]
Comparing ‘maps.Rout’ to ‘maps.Rout.save’ ... OK
Running ‘plot.R’ [4s/5s]
Comparing ‘plot.Rout’ to ‘plot.Rout.save’ ... OK
Running ‘read.R’ [1s/1s]
Comparing ‘read.Rout’ to ‘read.Rout.save’ ...187,189c187,254
< Warning message:
< In library(package, lib.loc = lib.loc, character.only = TRUE, logical.return = TRUE, :
< there is no package called 'RSQLite'
---
> Simple feature collection with 155 features and 13 fields
> Geometry type: POINT
> Dimension: XY
> Bounding box: xmin: 178605 ymin: 329714 xmax: 181390 ymax: 333611
> CRS: NA
> First 3 features:
> ogc_fid cadmium copper lead zinc elev dist om ffreq soil lime
> 1 1 11.7 85 299 1022 7.909 0.00135803 13.6 1 1 1
> 2 2 8.6 81 277 1141 6.983 0.01222430 14.0 1 1 1
> 3 3 6.5 68 199 640 7.800 0.10302900 13.0 1 1 1
> landuse dist.m GEOMETRY
> 1 Ah 50 POINT (181072 333611)
> 2 Ah 30 POINT (181025 333558)
> 3 Ah 150 POINT (181165 333537)
> Simple feature collection with 100 features and 15 fields
> Geometry type: MULTIPOLYGON
> Dimension: XY
> Bounding box: xmin: -84.32385 ymin: 33.88199 xmax: -75.45698 ymax: 36.58965
> CRS: NA
> First 3 features:
> ogc_fid area perimeter cnty_ cnty_id name fips fipsno cress_id bir74
> 1 1 0.114 1.442 1825 1825 Ashe 37009 37009 5 1091
> 2 2 0.061 1.231 1827 1827 Alleghany 37005 37005 3 487
> 3 3 0.143 1.630 1828 1828 Surry 37171 37171 86 3188
> sid74 nwbir74 bir79 sid79 nwbir79 GEOMETRY
> 1 1 10 1364 0 19 MULTIPOLYGON (((-81.47276 3...
> 2 0 10 542 3 12 MULTIPOLYGON (((-81.23989 3...
> 3 5 208 3616 6 260 MULTIPOLYGON (((-80.45634 3...
> Integer64 values larger than 9.0072e+15 lost significance after conversion to double;
> use argument int64_as_string = TRUE to import them lossless, as character
> Simple feature collection with 1 feature and 2 fields
> Geometry type: POINT
> Dimension: XY
> Bounding box: xmin: 0 ymin: 1 xmax: 0 ymax: 1
> CRS: NA
> a bigint GEOMETRY
> 1 1 4.611686e+18 POINT (0 1)
> Simple feature collection with 1 feature and 2 fields
> Geometry type: POINT
> Dimension: XY
> Bounding box: xmin: 0 ymin: 1 xmax: 0 ymax: 1
> CRS: NA
> a bigint GEOMETRY
> 1 1 4611686018427387904 POINT (0 1)
> Simple feature collection with 10 features and 2 fields
> Geometry type: LINESTRING
> Dimension: XY
> Bounding box: xmin: 645003 ymin: 4822568 xmax: 748805.6 ymax: 4992001
> Projected CRS: WGS 84 / UTM zone 32N
> First 1 features:
> PK_UID Name Geometry
> 1 1 Unknown LINESTRING (668540.7 485826...
> Simple feature collection with 8101 features and 6 fields
> Geometry type: POINT
> Dimension: XY
> Bounding box: xmin: 319224 ymin: 3934674 xmax: 1308585 ymax: 5214373
> Projected CRS: WGS 84 / UTM zone 32N
> First 1 features:
> PK_UID Name Peoples LocalCounc County Region Geometry
> 1 1 Brozolo 435 1 0 0 POINT (427002.8 4996361)
> Simple feature collection with 10 features and 2 fields
> Geometry type: MULTIPOLYGON
> Dimension: XY
> Bounding box: xmin: 378359.8 ymin: 4198234 xmax: 1211486 ymax: 5036803
> Projected CRS: WGS 84 / UTM zone 32N
> First 1 features:
> PK_UID Name Geometry
> 1 1 VENETO MULTIPOLYGON (((752912.3 50...
209a275,279
> Warning messages:
> 1: In CPL_read_ogr(dsn, layer, query, as.character(options), quiet, :
> GDAL Message 1: Field with same name (identifier) already exists in (PointTimeSeriesObservation). Skipping newer ones
> 2: In CPL_read_ogr(dsn, layer, query, as.character(options), quiet, :
> GDAL Message 1: Field with same name (name) already exists in (PointTimeSeriesObservation). Skipping newer ones
Running ‘roundtrip.R’ [1s/1s]
Comparing ‘roundtrip.Rout’ to ‘roundtrip.Rout.save’ ... OK
Running ‘s2.R’ [1s/1s]
Comparing ‘s2.Rout’ to ‘s2.Rout.save’ ... OK
Running ‘sample.R’ [1s/1s]
Comparing ‘sample.Rout’ to ‘sample.Rout.save’ ... OK
Running ‘sfc.R’ [5s/6s]
Comparing ‘sfc.Rout’ to ‘sfc.Rout.save’ ... OK
Running ‘sfg.R’ [0s/0s]
Comparing ‘sfg.Rout’ to ‘sfg.Rout.save’ ... OK
Running ‘spatstat.R’ [1s/1s]
Comparing ‘spatstat.Rout’ to ‘spatstat.Rout.save’ ... OK
Running ‘stars.R’ [2s/2s]
Comparing ‘stars.Rout’ to ‘stars.Rout.save’ ...107c107
< Geodetic CRS: WGS 84
---
> Geodetic CRS: WGS 84 (CRS84)
118c118
< Geodetic CRS: WGS 84
---
> Geodetic CRS: WGS 84 (CRS84)
Running ‘testthat.R’ [7s/8s]
Running ‘units.R’ [0s/1s]
Comparing ‘units.Rout’ to ‘units.Rout.save’ ... OK
Running ‘wkb.R’ [0s/0s]
Comparing ‘wkb.Rout’ to ‘wkb.Rout.save’ ... OK
Flavor: r-devel-macos-arm64
Version: 1.0-19
Check: tests
Result: NOTE
Running ‘aggregate.R’ [1s/1s]
Comparing ‘aggregate.Rout’ to ‘aggregate.Rout.save’ ... OK
Running ‘cast.R’ [1s/2s]
Comparing ‘cast.Rout’ to ‘cast.Rout.save’ ... OK
Running ‘crs.R’ [1s/1s]
Comparing ‘crs.Rout’ to ‘crs.Rout.save’ ... OK
Running ‘dist.R’ [1s/1s]
Comparing ‘dist.Rout’ to ‘dist.Rout.save’ ... OK
Running ‘dplyr.R’ [3s/4s]
Comparing ‘dplyr.Rout’ to ‘dplyr.Rout.save’ ... OK
Running ‘empty.R’ [1s/1s]
Comparing ‘empty.Rout’ to ‘empty.Rout.save’ ... OK
Running ‘full.R’ [1s/2s]
Comparing ‘full.Rout’ to ‘full.Rout.save’ ...47c47
< IllegalArgumentException: Invalid number of points in LinearRing found 2 - must be 0 or >= 4
---
> IllegalArgumentException: Invalid number of points in LinearRing found 2 - must be 0 or >= 3
54c54
< Geodetic CRS: WGS 84
---
> Geodetic CRS: WGS 84 (CRS84)
63c63
< Geodetic CRS: WGS 84
---
> Geodetic CRS: WGS 84 (CRS84)
80c80
< Geodetic CRS: WGS 84
---
> Geodetic CRS: WGS 84 (CRS84)
89c89
< Geodetic CRS: WGS 84
---
> Geodetic CRS: WGS 84 (CRS84)
102c102
< Geodetic CRS: WGS 84
---
> Geodetic CRS: WGS 84 (CRS84)
Running ‘gdal_geom.R’ [1s/3s]
Comparing ‘gdal_geom.Rout’ to ‘gdal_geom.Rout.save’ ... OK
Running ‘geos.R’ [17s/33s]
Comparing ‘geos.Rout’ to ‘geos.Rout.save’ ... OK
Running ‘graticule.R’ [2s/5s]
Comparing ‘graticule.Rout’ to ‘graticule.Rout.save’ ... OK
Running ‘grid.R’ [1s/2s]
Comparing ‘grid.Rout’ to ‘grid.Rout.save’ ... OK
Running ‘maps.R’ [2s/3s]
Comparing ‘maps.Rout’ to ‘maps.Rout.save’ ... OK
Running ‘plot.R’ [7s/11s]
Comparing ‘plot.Rout’ to ‘plot.Rout.save’ ... OK
Running ‘read.R’ [1s/2s]
Comparing ‘read.Rout’ to ‘read.Rout.save’ ...187,189c187,254
< Warning message:
< In library(package, lib.loc = lib.loc, character.only = TRUE, logical.return = TRUE, :
< there is no package called 'RSQLite'
---
> Simple feature collection with 155 features and 13 fields
> Geometry type: POINT
> Dimension: XY
> Bounding box: xmin: 178605 ymin: 329714 xmax: 181390 ymax: 333611
> CRS: NA
> First 3 features:
> ogc_fid cadmium copper lead zinc elev dist om ffreq soil lime
> 1 1 11.7 85 299 1022 7.909 0.00135803 13.6 1 1 1
> 2 2 8.6 81 277 1141 6.983 0.01222430 14.0 1 1 1
> 3 3 6.5 68 199 640 7.800 0.10302900 13.0 1 1 1
> landuse dist.m GEOMETRY
> 1 Ah 50 POINT (181072 333611)
> 2 Ah 30 POINT (181025 333558)
> 3 Ah 150 POINT (181165 333537)
> Simple feature collection with 100 features and 15 fields
> Geometry type: MULTIPOLYGON
> Dimension: XY
> Bounding box: xmin: -84.32385 ymin: 33.88199 xmax: -75.45698 ymax: 36.58965
> CRS: NA
> First 3 features:
> ogc_fid area perimeter cnty_ cnty_id name fips fipsno cress_id bir74
> 1 1 0.114 1.442 1825 1825 Ashe 37009 37009 5 1091
> 2 2 0.061 1.231 1827 1827 Alleghany 37005 37005 3 487
> 3 3 0.143 1.630 1828 1828 Surry 37171 37171 86 3188
> sid74 nwbir74 bir79 sid79 nwbir79 GEOMETRY
> 1 1 10 1364 0 19 MULTIPOLYGON (((-81.47276 3...
> 2 0 10 542 3 12 MULTIPOLYGON (((-81.23989 3...
> 3 5 208 3616 6 260 MULTIPOLYGON (((-80.45634 3...
> Integer64 values larger than 9.0072e+15 lost significance after conversion to double;
> use argument int64_as_string = TRUE to import them lossless, as character
> Simple feature collection with 1 feature and 2 fields
> Geometry type: POINT
> Dimension: XY
> Bounding box: xmin: 0 ymin: 1 xmax: 0 ymax: 1
> CRS: NA
> a bigint GEOMETRY
> 1 1 4.611686e+18 POINT (0 1)
> Simple feature collection with 1 feature and 2 fields
> Geometry type: POINT
> Dimension: XY
> Bounding box: xmin: 0 ymin: 1 xmax: 0 ymax: 1
> CRS: NA
> a bigint GEOMETRY
> 1 1 4611686018427387904 POINT (0 1)
> Simple feature collection with 10 features and 2 fields
> Geometry type: LINESTRING
> Dimension: XY
> Bounding box: xmin: 645003 ymin: 4822568 xmax: 748805.6 ymax: 4992001
> Projected CRS: WGS 84 / UTM zone 32N
> First 1 features:
> PK_UID Name Geometry
> 1 1 Unknown LINESTRING (668540.7 485826...
> Simple feature collection with 8101 features and 6 fields
> Geometry type: POINT
> Dimension: XY
> Bounding box: xmin: 319224 ymin: 3934674 xmax: 1308585 ymax: 5214373
> Projected CRS: WGS 84 / UTM zone 32N
> First 1 features:
> PK_UID Name Peoples LocalCounc County Region Geometry
> 1 1 Brozolo 435 1 0 0 POINT (427002.8 4996361)
> Simple feature collection with 10 features and 2 fields
> Geometry type: MULTIPOLYGON
> Dimension: XY
> Bounding box: xmin: 378359.8 ymin: 4198234 xmax: 1211486 ymax: 5036803
> Projected CRS: WGS 84 / UTM zone 32N
> First 1 features:
> PK_UID Name Geometry
> 1 1 VENETO MULTIPOLYGON (((752912.3 50...
209a275,279
> Warning messages:
> 1: In CPL_read_ogr(dsn, layer, query, as.character(options), quiet, :
> GDAL Message 1: Field with same name (identifier) already exists in (PointTimeSeriesObservation). Skipping newer ones
> 2: In CPL_read_ogr(dsn, layer, query, as.character(options), quiet, :
> GDAL Message 1: Field with same name (name) already exists in (PointTimeSeriesObservation). Skipping newer ones
Running ‘roundtrip.R’ [2s/2s]
Comparing ‘roundtrip.Rout’ to ‘roundtrip.Rout.save’ ... OK
Running ‘s2.R’ [2s/3s]
Comparing ‘s2.Rout’ to ‘s2.Rout.save’ ... OK
Running ‘sample.R’ [1s/1s]
Comparing ‘sample.Rout’ to ‘sample.Rout.save’ ... OK
Running ‘sfc.R’ [9s/14s]
Comparing ‘sfc.Rout’ to ‘sfc.Rout.save’ ... OK
Running ‘sfg.R’ [1s/1s]
Comparing ‘sfg.Rout’ to ‘sfg.Rout.save’ ... OK
Running ‘spatstat.R’ [3s/4s]
Comparing ‘spatstat.Rout’ to ‘spatstat.Rout.save’ ... OK
Running ‘stars.R’ [3s/5s]
Comparing ‘stars.Rout’ to ‘stars.Rout.save’ ...107c107
< Geodetic CRS: WGS 84
---
> Geodetic CRS: WGS 84 (CRS84)
118c118
< Geodetic CRS: WGS 84
---
> Geodetic CRS: WGS 84 (CRS84)
Running ‘testthat.R’ [13s/20s]
Running ‘units.R’ [1s/1s]
Comparing ‘units.Rout’ to ‘units.Rout.save’ ... OK
Running ‘wkb.R’ [1s/1s]
Comparing ‘wkb.Rout’ to ‘wkb.Rout.save’ ... OK
Flavor: r-devel-macos-x86_64
Version: 1.0-19
Check: installed package size
Result: NOTE
installed size is 265.4Mb
sub-directories of 1Mb or more:
doc 1.8Mb
libs 258.9Mb
sqlite 1.5Mb
Flavors: r-release-macos-arm64, r-release-macos-x86_64, r-release-windows-x86_64, r-oldrel-macos-arm64, r-oldrel-macos-x86_64, r-oldrel-windows-x86_64
These binaries (installable software) and packages are in development.
They may not be fully stable and should be used with caution. We make no claims about them.