Last updated on 2025-10-25 11:48:47 CEST.
| Flavor | Version | Tinstall | Tcheck | Ttotal | Status | Flags |
|---|---|---|---|---|---|---|
| r-devel-linux-x86_64-debian-clang | 0.1.0 | 5.12 | 40.49 | 45.61 | OK | |
| r-devel-linux-x86_64-debian-gcc | 0.1.0 | 3.35 | 30.18 | 33.53 | OK | |
| r-devel-linux-x86_64-fedora-clang | 0.1.0 | 10.00 | 55.06 | 65.06 | OK | |
| r-devel-linux-x86_64-fedora-gcc | 0.1.0 | 12.00 | 51.66 | 63.66 | OK | |
| r-devel-windows-x86_64 | 0.1.0 | 6.00 | 52.00 | 58.00 | OK | |
| r-patched-linux-x86_64 | 0.1.0 | 4.60 | 36.70 | 41.30 | OK | |
| r-release-linux-x86_64 | 0.1.0 | 4.56 | 36.17 | 40.73 | OK | |
| r-release-macos-arm64 | 0.1.0 | 3.00 | 25.00 | 28.00 | OK | |
| r-release-macos-x86_64 | 0.1.0 | 5.00 | 41.00 | 46.00 | OK | |
| r-release-windows-x86_64 | 0.1.0 | 7.00 | 55.00 | 62.00 | OK | |
| r-oldrel-macos-arm64 | 0.1.0 | 2.00 | 21.00 | 23.00 | NOTE | |
| r-oldrel-macos-x86_64 | 0.1.0 | 3.00 | 31.00 | 34.00 | NOTE | |
| r-oldrel-windows-x86_64 | 0.1.0 | 8.00 | 66.00 | 74.00 | NOTE |
Version: 0.1.0
Check: LazyData
Result: NOTE
'LazyData' is specified without a 'data' directory
Flavors: r-oldrel-macos-arm64, r-oldrel-macos-x86_64, r-oldrel-windows-x86_64
These binaries (installable software) and packages are in development.
They may not be fully stable and should be used with caution. We make no claims about them.