CRAN Package Check Results for Package sfc

Last updated on 2025-02-16 08:51:00 CET.

Flavor Version Tinstall Tcheck Ttotal Status Flags
r-devel-linux-x86_64-debian-clang 0.1.0 5.29 37.11 42.40 OK
r-devel-linux-x86_64-debian-gcc 0.1.0 3.40 27.19 30.59 OK
r-devel-linux-x86_64-fedora-clang 0.1.0 66.48 OK
r-devel-linux-x86_64-fedora-gcc 0.1.0 61.99 OK
r-devel-macos-arm64 0.1.0 25.00 OK
r-devel-macos-x86_64 0.1.0 46.00 OK
r-devel-windows-x86_64 0.1.0 7.00 56.00 63.00 OK
r-patched-linux-x86_64 0.1.0 4.68 34.15 38.83 NOTE
r-release-linux-x86_64 0.1.0 4.96 34.39 39.35 NOTE
r-release-macos-arm64 0.1.0 23.00 NOTE
r-release-macos-x86_64 0.1.0 34.00 NOTE
r-release-windows-x86_64 0.1.0 8.00 55.00 63.00 NOTE
r-oldrel-macos-arm64 0.1.0 25.00 NOTE
r-oldrel-macos-x86_64 0.1.0 34.00 NOTE
r-oldrel-windows-x86_64 0.1.0 9.00 60.00 69.00 NOTE

Check Details

Version: 0.1.0
Check: LazyData
Result: NOTE 'LazyData' is specified without a 'data' directory Flavors: r-patched-linux-x86_64, r-release-linux-x86_64, r-release-macos-arm64, r-release-macos-x86_64, r-release-windows-x86_64, r-oldrel-macos-arm64, r-oldrel-macos-x86_64, r-oldrel-windows-x86_64

These binaries (installable software) and packages are in development.
They may not be fully stable and should be used with caution. We make no claims about them.