Last updated on 2025-02-19 17:51:04 CET.
Flavor | Version | Tinstall | Tcheck | Ttotal | Status | Flags |
---|---|---|---|---|---|---|
r-devel-linux-x86_64-debian-clang | 0.1.0 | 8.12 | 70.46 | 78.58 | NOTE | |
r-devel-linux-x86_64-debian-gcc | 0.1.0 | 5.76 | 49.80 | 55.56 | NOTE | |
r-devel-linux-x86_64-fedora-clang | 0.1.0 | 124.29 | NOTE | |||
r-devel-linux-x86_64-fedora-gcc | 0.1.0 | 118.19 | NOTE | |||
r-devel-macos-arm64 | 0.1.0 | 43.00 | OK | |||
r-devel-macos-x86_64 | 0.1.0 | 66.00 | NOTE | |||
r-devel-windows-x86_64 | 0.1.0 | 9.00 | 82.00 | 91.00 | NOTE | |
r-patched-linux-x86_64 | 0.1.0 | 16.84 | 63.84 | 80.68 | OK | |
r-release-linux-x86_64 | 0.1.0 | 7.71 | 63.72 | 71.43 | OK | |
r-release-macos-arm64 | 0.1.0 | 38.00 | OK | |||
r-release-macos-x86_64 | 0.1.0 | 54.00 | OK | |||
r-release-windows-x86_64 | 0.1.0 | 9.00 | 80.00 | 89.00 | OK | |
r-oldrel-macos-arm64 | 0.1.0 | 41.00 | OK | |||
r-oldrel-macos-x86_64 | 0.1.0 | 82.00 | OK | |||
r-oldrel-windows-x86_64 | 0.1.0 | 12.00 | 94.00 | 106.00 | OK |
Version: 0.1.0
Check: DESCRIPTION meta-information
Result: NOTE
Missing dependency on R >= 4.1.0 because package code uses the pipe
|> or function shorthand \(...) syntax added in R 4.1.0.
File(s) using such syntax:
‘sd_box.R’
Flavors: r-devel-linux-x86_64-debian-clang, r-devel-linux-x86_64-debian-gcc, r-devel-linux-x86_64-fedora-clang, r-devel-linux-x86_64-fedora-gcc, r-devel-macos-x86_64, r-devel-windows-x86_64
Version: 0.1.0
Check: Rd cross-references
Result: NOTE
Found the following Rd file(s) with Rd \link{} targets missing package
anchors:
sd_distance.Rd: sf
Please provide package anchors for all Rd \link{} targets not in the
package itself and the base packages.
Flavors: r-devel-linux-x86_64-debian-clang, r-devel-linux-x86_64-debian-gcc, r-devel-windows-x86_64
These binaries (installable software) and packages are in development.
They may not be fully stable and should be used with caution. We make no claims about them.