Last updated on 2025-05-02 06:49:46 CEST.
Flavor | Version | Tinstall | Tcheck | Ttotal | Status | Flags |
---|---|---|---|---|---|---|
r-devel-linux-x86_64-debian-clang | 0.2.1 | 24.79 | 97.69 | 122.48 | NOTE | |
r-devel-linux-x86_64-debian-gcc | 0.2.1 | 16.00 | 69.75 | 85.75 | NOTE | |
r-devel-linux-x86_64-fedora-clang | 0.2.1 | 213.17 | NOTE | |||
r-devel-linux-x86_64-fedora-gcc | 0.2.1 | 211.93 | NOTE | |||
r-devel-windows-x86_64 | 0.2.1 | 32.00 | 130.00 | 162.00 | NOTE | |
r-patched-linux-x86_64 | 0.2.1 | 24.41 | 91.83 | 116.24 | NOTE | |
r-release-linux-x86_64 | NOTE | |||||
r-release-macos-arm64 | 0.2.1 | 123.00 | NOTE | |||
r-release-macos-x86_64 | 0.2.1 | 125.00 | NOTE | |||
r-release-windows-x86_64 | 0.2.1 | 32.00 | 127.00 | 159.00 | NOTE | |
r-oldrel-macos-arm64 | 0.2.1 | 57.00 | NOTE | |||
r-oldrel-macos-x86_64 | 0.2.1 | 90.00 | NOTE | |||
r-oldrel-windows-x86_64 | 0.2.1 | 34.00 | 159.00 | 193.00 | NOTE |
Version: 0.2.1
Check: C++ specification
Result: NOTE
Specified C++11: please drop specification unless essential
Flavors: r-devel-linux-x86_64-debian-clang, r-devel-linux-x86_64-debian-gcc, r-devel-linux-x86_64-fedora-clang, r-devel-linux-x86_64-fedora-gcc, r-devel-windows-x86_64, r-patched-linux-x86_64, r-release-linux-x86_64, r-release-macos-arm64, r-release-macos-x86_64, r-release-windows-x86_64, r-oldrel-macos-arm64, r-oldrel-macos-x86_64, r-oldrel-windows-x86_64
These binaries (installable software) and packages are in development.
They may not be fully stable and should be used with caution. We make no claims about them.