Last updated on 2025-02-21 15:52:04 CET.
Flavor | Version | Tinstall | Tcheck | Ttotal | Status | Flags |
---|---|---|---|---|---|---|
r-devel-linux-x86_64-debian-clang | 0.2.2.0 | 31.96 | 277.20 | 309.16 | NOTE | |
r-devel-linux-x86_64-debian-gcc | 0.2.2.0 | 21.91 | 180.35 | 202.26 | NOTE | |
r-devel-linux-x86_64-fedora-clang | 0.2.2.0 | 514.70 | NOTE | |||
r-devel-linux-x86_64-fedora-gcc | 0.2.2.0 | 469.83 | NOTE | |||
r-devel-macos-arm64 | 0.2.2.0 | 111.00 | OK | |||
r-devel-macos-x86_64 | 0.2.2.0 | 237.00 | NOTE | |||
r-devel-windows-x86_64 | 0.2.2.0 | 29.00 | 210.00 | 239.00 | NOTE | |
r-patched-linux-x86_64 | 0.2.2.0 | 33.69 | 255.10 | 288.79 | OK | |
r-release-linux-x86_64 | 0.2.2.0 | 28.41 | 258.28 | 286.69 | OK | |
r-release-macos-arm64 | 0.2.2.0 | 97.00 | OK | |||
r-release-macos-x86_64 | 0.2.2.0 | 177.00 | OK | |||
r-release-windows-x86_64 | 0.2.2.0 | 29.00 | 206.00 | 235.00 | OK | |
r-oldrel-macos-arm64 | 0.2.2.0 | 111.00 | OK | |||
r-oldrel-macos-x86_64 | 0.2.2.0 | 234.00 | OK | |||
r-oldrel-windows-x86_64 | 0.2.2.0 | 39.00 | 301.00 | 340.00 | OK |
Version: 0.2.2.0
Check: DESCRIPTION meta-information
Result: NOTE
Missing dependency on R >= 4.1.0 because package code uses the pipe
|> or function shorthand \(...) syntax added in R 4.1.0.
File(s) using such syntax:
‘st_transform_outline.R’
Flavors: r-devel-linux-x86_64-debian-clang, r-devel-linux-x86_64-debian-gcc, r-devel-linux-x86_64-fedora-clang, r-devel-linux-x86_64-fedora-gcc, r-devel-macos-x86_64, r-devel-windows-x86_64
These binaries (installable software) and packages are in development.
They may not be fully stable and should be used with caution. We make no claims about them.