Last updated on 2025-05-01 15:49:44 CEST.
Flavor | Version | Tinstall | Tcheck | Ttotal | Status | Flags |
---|---|---|---|---|---|---|
r-devel-linux-x86_64-debian-clang | 1.1.2 | 3.62 | 80.88 | 84.50 | NOTE | |
r-devel-linux-x86_64-debian-gcc | 1.1.2 | 2.46 | 61.66 | 64.12 | OK | |
r-devel-linux-x86_64-fedora-clang | 1.1.2 | 133.14 | OK | |||
r-devel-linux-x86_64-fedora-gcc | 1.1.2 | 131.12 | OK | |||
r-devel-windows-x86_64 | 1.1.2 | 5.00 | 101.00 | 106.00 | OK | |
r-patched-linux-x86_64 | 1.1.2 | 3.45 | 78.47 | 81.92 | OK | |
r-release-linux-x86_64 | OK | |||||
r-release-macos-arm64 | 1.1.2 | 62.00 | OK | |||
r-release-macos-x86_64 | 1.1.2 | 84.00 | OK | |||
r-release-windows-x86_64 | 1.1.2 | 4.00 | 100.00 | 104.00 | OK | |
r-oldrel-macos-arm64 | 1.1.2 | 49.00 | OK | |||
r-oldrel-macos-x86_64 | 1.1.2 | 83.00 | OK | |||
r-oldrel-windows-x86_64 | 1.1.2 | 6.00 | 128.00 | 134.00 | OK |
Version: 1.1.2
Check: examples
Result: NOTE
Examples with CPU (user + system) or elapsed time > 5s
user system elapsed
st_quickmap_nb 8.561 0.011 10.605
st_augment 6.754 0.497 9.395
st_quickmap_preds 4.677 0.030 6.132
st_force_join_nb 4.313 0.006 5.825
st_force_cut_nb 4.242 0.025 6.203
Flavor: r-devel-linux-x86_64-debian-clang
Version: 1.1.2
Check: examples
Result: NA
user system elapsed
st_augment 5.249 0.261 9.000
st_quickmap_nb 5.306 0.003 7.299
st_quickmap_preds 3.842 0.024 5.065
OK
Flavor: r-devel-linux-x86_64-debian-gcc
These binaries (installable software) and packages are in development.
They may not be fully stable and should be used with caution. We make no claims about them.